{"id":64583,"date":"2024-03-27T11:28:20","date_gmt":"2024-03-27T10:28:20","guid":{"rendered":"https:\/\/cndestetik.ch\/prodotto\/banc-solaire-virtus\/"},"modified":"2024-03-29T08:26:24","modified_gmt":"2024-03-29T07:26:24","slug":"banc-solaire-virtus","status":"publish","type":"product","link":"https:\/\/cndestetik.ch\/fr\/prodotto\/banc-solaire-virtus\/","title":{"rendered":"Banc solaire Virtus"},"content":{"rendered":"<p>Divan de massage \u00e0 4 sections, fourni avec un porte-rouleau et un trou pour le visage. Tous les r\u00e9glages (hauteur &#8211; dossier &#8211; pieds) se font par t\u00e9l\u00e9commande.<\/p>\n<p>Gr\u00e2ce \u00e0 son matelas \u00e0 double densit\u00e9, il offre un confort total pour tout type de traitement et gr\u00e2ce \u00e0 sa fonction Trendelenburg (basculement), il offre d&#8217;innombrables possibilit\u00e9s de r\u00e9glage, ce qui le rend id\u00e9al pour tout type de traitement.<\/p>\n<p>La structure porteuse est faite d&#8217;acier tubulaire peint avec des poudres \u00e9poxy trait\u00e9es dans un four \u00e0 210 degr\u00e9s.<\/p>\n<p><strong>En option :<\/strong><\/p>\n<ul>\n<li>Accoudoirs (uniquement sur le matelas de 80 cm de large) 340 CHF<\/li>\n<li>Dimensions du matelas personnalis\u00e9es (sur demande)<\/li>\n<\/ul>\n<p>Chaque option est sujette \u00e0 des changements de prix en cas de r\u00e9duction. Sp\u00e9cifiez les options souhait\u00e9es dans les notes d&#8217;achat.<\/p>\n","protected":false},"excerpt":{"rendered":"<p>Divan de massage \u00e0 4 sections, fourni avec un porte-rouleau et un trou pour le visage. Tous les r\u00e9glages (hauteur &#8211; dossier &#8211; pieds) se font par t\u00e9l\u00e9commande.<\/p>\n","protected":false},"featured_media":64568,"template":"","meta":{"_acf_changed":false},"product_brand":[],"product_cat":[11767],"product_tag":[1154,12379,12377,1028,12381,12360],"class_list":{"0":"post-64583","1":"product","2":"type-product","3":"status-publish","4":"has-post-thumbnail","6":"product_cat-ameublement","7":"product_tag-chaise-longue","8":"product_tag-estheticienne","9":"product_tag-lit","10":"product_tag-traitement","11":"product_tag-un-meuble","12":"product_tag-virtus-fr","14":"first","15":"instock","16":"taxable","17":"shipping-taxable","18":"purchasable","19":"product-type-simple"},"acf":[],"jetpack_sharing_enabled":true,"_links":{"self":[{"href":"https:\/\/cndestetik.ch\/fr\/wp-json\/wp\/v2\/product\/64583","targetHints":{"allow":["GET"]}}],"collection":[{"href":"https:\/\/cndestetik.ch\/fr\/wp-json\/wp\/v2\/product"}],"about":[{"href":"https:\/\/cndestetik.ch\/fr\/wp-json\/wp\/v2\/types\/product"}],"wp:featuredmedia":[{"embeddable":true,"href":"https:\/\/cndestetik.ch\/fr\/wp-json\/wp\/v2\/media\/64568"}],"wp:attachment":[{"href":"https:\/\/cndestetik.ch\/fr\/wp-json\/wp\/v2\/media?parent=64583"}],"wp:term":[{"taxonomy":"product_brand","embeddable":true,"href":"https:\/\/cndestetik.ch\/fr\/wp-json\/wp\/v2\/product_brand?post=64583"},{"taxonomy":"product_cat","embeddable":true,"href":"https:\/\/cndestetik.ch\/fr\/wp-json\/wp\/v2\/product_cat?post=64583"},{"taxonomy":"product_tag","embeddable":true,"href":"https:\/\/cndestetik.ch\/fr\/wp-json\/wp\/v2\/product_tag?post=64583"}],"curies":[{"name":"wp","href":"https:\/\/api.w.org\/{rel}","templated":true}]}}

<p>Divan de massage à 4 sections, fourni avec un porte-rouleau et un trou pour le visage. Tous les réglages (hauteur &#8211; dossier &#8211; pieds) se font par télécommande.</p>
<p>Grâce à son matelas à double densité, il offre un confort total pour tout type de traitement et grâce à sa fonction Trendelenburg (basculement), il offre d&#8217;innombrables possibilités de réglage, ce qui le rend idéal pour tout type de traitement.</p>
<p>La structure porteuse est faite d&#8217;acier tubulaire peint avec des poudres époxy traitées dans un four à 210 degrés.</p>
<p><strong>En option :</strong></p>
<ul>
<li>Accoudoirs (uniquement sur le matelas de 80 cm de large) 340 CHF</li>
<li>Dimensions du matelas personnalisées (sur demande)</li>
</ul>
<p>Chaque option est sujette à des changements de prix en cas de réduction. Spécifiez les options souhaitées dans les notes d&#8217;achat.</p>

<p>Divan de massage à 4 sections, fourni avec un porte-rouleau et un trou pour le visage. Tous les réglages (hauteur &#8211; dossier &#8211; pieds) se font par télécommande.</p>
