{"id":60114,"date":"2023-06-30T13:18:15","date_gmt":"2023-06-30T11:18:15","guid":{"rendered":"https:\/\/cndestetik.ch\/prodotto\/paquet-depilation-a-la-cire-rechargeable\/"},"modified":"2023-10-18T13:46:35","modified_gmt":"2023-10-18T11:46:35","slug":"emballages-recharges","status":"publish","type":"product","link":"https:\/\/cndestetik.ch\/fr\/prodotto\/emballages-recharges\/","title":{"rendered":"Paquet d&#8217;\u00e9pilation \u00e0 la cire rechargeable"},"content":{"rendered":"<p><strong>Il est possible d&#8217;acheter deux cartons de cire diff\u00e9rents en l&#8217;indiquant dans les notes d&#8217;achat.<\/strong><\/p>\n<p>2 paquets de cire en cartouche.<\/p>\n","protected":false},"excerpt":{"rendered":"<p>2 paquets de cire en cartouche.<\/p>\n","protected":false},"featured_media":39890,"template":"","meta":{"_acf_changed":false,"_seopress_titles_title":"Recharge \u00e9pilation \u00e0 la cire - C.N.D. Estetik","_seopress_titles_desc":"2 paquets de cire en cartouche.","_seopress_robots_index":"","_seopress_robots_follow":"","_seopress_robots_imageindex":"","_seopress_robots_snippet":"","_seopress_robots_primary_cat":"","_seopress_robots_breadcrumbs":"","_seopress_robots_freeze_modified_date":"","_seopress_robots_custom_modified_date":"","_seopress_robots_canonical":"","_seopress_social_fb_title":"","_seopress_social_fb_desc":"","_seopress_social_fb_img":"","_seopress_social_fb_img_attachment_id":0,"_seopress_social_fb_img_width":0,"_seopress_social_fb_img_height":0,"_seopress_social_twitter_title":"","_seopress_social_twitter_desc":"","_seopress_social_twitter_img":"","_seopress_social_twitter_img_attachment_id":0,"_seopress_social_twitter_img_width":0,"_seopress_social_twitter_img_height":0,"_seopress_redirections_value":"","_seopress_redirections_enabled":"","_seopress_redirections_enabled_regex":"","_seopress_redirections_logged_status":"les deux","_seopress_redirections_param":"","_seopress_redirections_type":301,"_seopress_analysis_target_kw":""},"product_brand":[],"product_cat":[1494],"product_tag":[684],"class_list":["post-60114","product","type-product","status-publish","has-post-thumbnail","product_cat-cosmetiques","product_tag-cire","first","instock","taxable","shipping-taxable","purchasable","product-type-simple"],"acf":[],"jetpack_sharing_enabled":true,"_links":{"self":[{"href":"https:\/\/cndestetik.ch\/fr\/wp-json\/wp\/v2\/product\/60114","targetHints":{"allow":["GET"]}}],"collection":[{"href":"https:\/\/cndestetik.ch\/fr\/wp-json\/wp\/v2\/product"}],"about":[{"href":"https:\/\/cndestetik.ch\/fr\/wp-json\/wp\/v2\/types\/product"}],"wp:featuredmedia":[{"embeddable":true,"href":"https:\/\/cndestetik.ch\/fr\/wp-json\/wp\/v2\/media\/39890"}],"wp:attachment":[{"href":"https:\/\/cndestetik.ch\/fr\/wp-json\/wp\/v2\/media?parent=60114"}],"wp:term":[{"taxonomy":"product_brand","embeddable":true,"href":"https:\/\/cndestetik.ch\/fr\/wp-json\/wp\/v2\/product_brand?post=60114"},{"taxonomy":"product_cat","embeddable":true,"href":"https:\/\/cndestetik.ch\/fr\/wp-json\/wp\/v2\/product_cat?post=60114"},{"taxonomy":"product_tag","embeddable":true,"href":"https:\/\/cndestetik.ch\/fr\/wp-json\/wp\/v2\/product_tag?post=60114"}],"curies":[{"name":"wp","href":"https:\/\/api.w.org\/{rel}","templated":true}]}}

Paquet d&#8217;épilation à la cire rechargeable

<p><strong>Il est possible d&#8217;acheter deux cartons de cire différents en l&#8217;indiquant dans les notes d&#8217;achat.</strong></p>
<p>2 paquets de cire en cartouche.</p>

Recharge épilation à la cire - C.N.D. Estetik
