{"id":48760,"date":"2022-06-20T09:41:34","date_gmt":"2022-06-20T07:41:34","guid":{"rendered":"https:\/\/cndestetik.ch\/prodotto\/masque-visage-a-la-lumiere-bleue-peau-mature\/"},"modified":"2025-01-23T09:42:47","modified_gmt":"2025-01-23T08:42:47","slug":"visage-masque-bleu-peau-claire-mature","status":"publish","type":"product","link":"https:\/\/cndestetik.ch\/fr\/prodotto\/visage-masque-bleu-peau-claire-mature\/","title":{"rendered":"Masque visage \u00e0 la lumi\u00e8re bleue &#8211; peau mature"},"content":{"rendered":"<p><span data-sheets-value=\"{\"1\":2,\"2\":\"Le maschere blue-light sono state studiate per fornire un profondo nutrimento e una spiccata attivit\u00e0 antiossidante e antinfiammatoria alla pelle sottoposta all'attacco dei radicali liberi generati dagli schermi luminosi (smartphone, tablet, computer, televisione). La versione pelle giovane ha un'azione pi\u00f9 preventiva sui danni ossidativi, mentre la versione pelle matura agisce come riparatrice nelle pelli in cui i processi degenerativi sono gi\u00e0 in atto.\\n\\nModalita d'uso:\\nDopo un'attenta detersione con latte detergente, gommage e\/o peeling stendere la maschera e lasciare in posa almeno 15 min. prima di sciacquare. Le maschere pi\u00f9 cremose possono essere applicate (quantit\u00e0 adeguata) anche la sera e lasciate in posa tutta la notte per essere sciacquate la mattina.\"}\" data-sheets-userformat=\"{\"2\":15297,\"3\":{\"1\":0},\"9\":0,\"10\":2,\"11\":0,\"12\":0,\"14\":{\"1\":2,\"2\":0},\"15\":\"Calibri\",\"16\":11}\">Les masques \u00e0 la lumi\u00e8re bleue sont con\u00e7us pour nourrir en profondeur et apporter une forte activit\u00e9 antioxydante et anti-inflammatoire aux peaux soumises \u00e0 l&#8217;attaque des radicaux libres g\u00e9n\u00e9r\u00e9s par les \u00e9crans lumineux (smartphones, tablettes, ordinateurs, t\u00e9l\u00e9vision). La version pour peaux jeunes a une action plus pr\u00e9ventive sur les dommages oxydatifs, tandis que la version pour peaux matures agit comme un r\u00e9parateur dans les peaux o\u00f9 les processus d\u00e9g\u00e9n\u00e9ratifs sont d\u00e9j\u00e0 en cours.<\/span><\/p>\n<p>Mode d&#8217;emploi : Apr\u00e8s un nettoyage soigneux avec un lait d\u00e9maquillant, un gommage et\/ou un peeling, appliquez le masque et laissez-le agir pendant au moins 15 minutes avant de le rincer. Les masques plus cr\u00e9meux peuvent \u00e9galement \u00eatre appliqu\u00e9s (en quantit\u00e9 appropri\u00e9e) le soir et laiss\u00e9s en place toute la nuit pour \u00eatre rinc\u00e9s le matin.<\/p>\n<p>Taille : 100ml<\/p>\n","protected":false},"excerpt":{"rendered":"<p>Cr\u00e8me nourrissante qui aide \u00e0 contrer la lumi\u00e8re des \u00e9crans.<\/p>\n","protected":false},"featured_media":48970,"template":"","meta":{"_acf_changed":false},"product_brand":[],"product_cat":[1494,12982,12989],"product_tag":[4464,7206,3725,4726,7233,7232,7234,7235,765],"class_list":{"0":"post-48760","1":"product","2":"type-product","3":"status-publish","4":"has-post-thumbnail","6":"product_cat-cosmetiques","7":"product_cat-microcosme","8":"product_cat-visage","9":"product_tag-bleu","10":"product_tag-lumiere-fr","11":"product_tag-lumiere-bleue","12":"product_tag-masque-fr","13":"product_tag-mature-fr-2","14":"product_tag-mature-fr","15":"product_tag-peau-mature","16":"product_tag-peaux-matures","17":"product_tag-visage","18":"pa_formato-100ml-fr","19":"pa_formato-50ml-fr","21":"first","22":"instock","23":"taxable","24":"shipping-taxable","25":"purchasable","26":"product-type-simple"},"acf":[],"jetpack_sharing_enabled":true,"_links":{"self":[{"href":"https:\/\/cndestetik.ch\/fr\/wp-json\/wp\/v2\/product\/48760","targetHints":{"allow":["GET"]}}],"collection":[{"href":"https:\/\/cndestetik.ch\/fr\/wp-json\/wp\/v2\/product"}],"about":[{"href":"https:\/\/cndestetik.ch\/fr\/wp-json\/wp\/v2\/types\/product"}],"wp:featuredmedia":[{"embeddable":true,"href":"https:\/\/cndestetik.ch\/fr\/wp-json\/wp\/v2\/media\/48970"}],"wp:attachment":[{"href":"https:\/\/cndestetik.ch\/fr\/wp-json\/wp\/v2\/media?parent=48760"}],"wp:term":[{"taxonomy":"product_brand","embeddable":true,"href":"https:\/\/cndestetik.ch\/fr\/wp-json\/wp\/v2\/product_brand?post=48760"},{"taxonomy":"product_cat","embeddable":true,"href":"https:\/\/cndestetik.ch\/fr\/wp-json\/wp\/v2\/product_cat?post=48760"},{"taxonomy":"product_tag","embeddable":true,"href":"https:\/\/cndestetik.ch\/fr\/wp-json\/wp\/v2\/product_tag?post=48760"}],"curies":[{"name":"wp","href":"https:\/\/api.w.org\/{rel}","templated":true}]}}

Masque visage à la lumière bleue &#8211; peau mature

<p><span data-sheets-value="{"1":2,"2":"Le maschere blue-light sono state studiate per fornire un profondo nutrimento e una spiccata attività antiossidante e antinfiammatoria alla pelle sottoposta all'attacco dei radicali liberi generati dagli schermi luminosi (smartphone, tablet, computer, televisione). La versione pelle giovane ha un'azione più preventiva sui danni ossidativi, mentre la versione pelle matura agisce come riparatrice nelle pelli in cui i processi degenerativi sono già in atto.\n\nModalita d'uso:\nDopo un'attenta detersione con latte detergente, gommage e/o peeling stendere la maschera e lasciare in posa almeno 15 min. prima di sciacquare. Le maschere più cremose possono essere applicate (quantità adeguata) anche la sera e lasciate in posa tutta la notte per essere sciacquate la mattina."}" data-sheets-userformat="{"2":15297,"3":{"1":0},"9":0,"10":2,"11":0,"12":0,"14":{"1":2,"2":0},"15":"Calibri","16":11}">Les masques à la lumière bleue sont conçus pour nourrir en profondeur et apporter une forte activité antioxydante et anti-inflammatoire aux peaux soumises à l&#8217;attaque des radicaux libres générés par les écrans lumineux (smartphones, tablettes, ordinateurs, télévision). La version pour peaux jeunes a une action plus préventive sur les dommages oxydatifs, tandis que la version pour peaux matures agit comme un réparateur dans les peaux où les processus dégénératifs sont déjà en cours.</span></p>
<p>Mode d&#8217;emploi : Après un nettoyage soigneux avec un lait démaquillant, un gommage et/ou un peeling, appliquez le masque et laissez-le agir pendant au moins 15 minutes avant de le rincer. Les masques plus crémeux peuvent également être appliqués (en quantité appropriée) le soir et laissés en place toute la nuit pour être rincés le matin.</p>
<p>Taille : 100ml</p>

<p>Crème nourrissante qui aide à contrer la lumière des écrans.</p>
