{"id":46438,"date":"2020-10-15T11:48:51","date_gmt":"2020-10-15T09:48:51","guid":{"rendered":"https:\/\/ticinoweb01.jcloud.ik-server.com\/cndestetik\/prodotto\/le-savon-dalep-a-16\/"},"modified":"2022-11-15T16:40:32","modified_gmt":"2022-11-15T15:40:32","slug":"savon-de-aleppo-a-16","status":"publish","type":"product","link":"https:\/\/cndestetik.ch\/fr\/prodotto\/savon-de-aleppo-a-16\/","title":{"rendered":"Le savon d&#8217;Alep \u00e0 16%."},"content":{"rendered":"<p><span data-sheets-value=\"{\"1\":2,\"2\":\"Di origini antichissime, questo sapone viene prodotto nella nazione madre che \u00e8 la Siria. Per un lungo periodo, essendo questo luogo zona bellica, non \u00e8 stato possibile acquistarlo direttamente dai produttori locali. E\u2019 tornato finalmente disponibile per\u00f2 nella linea Microcosmo a servizio di chi ne ha necessit\u00e0.\\nHa molteplici caratteristiche, tra le quali il suo grande potere lenitivo, in particolar modo per chi soffre di problemi dermatologi come eczemi e psoriasi. E\u2019 un efficace antibatteirco.\\n\\nLa sua lavorazione consiste nella cottura dell\u2019olio di oliva alla fine della quale viene aggiunto l\u2019olio di bacche di alloro. Dopo il raffreddamento il sapone viene tagliato manuelmente e messo a seccare per un minimo di 10 mesi.\\n\\nIl Sapone di ALeppo Microcosmo \u00e8 purissimo e non condizionato da ulteriori elementi diluenti o agenti chimici.\\n\\nE\u2019 dermocompatibile, indicato per l\u2019igiene di tutto il corpo e dei capelli, ottimo per le pelli delicate, secche e per i bambini.\"}\" data-sheets-userformat=\"{\"2\":15297,\"3\":{\"1\":0},\"9\":0,\"10\":2,\"11\":0,\"12\":0,\"14\":{\"1\":2,\"2\":0},\"15\":\"Calibri\",\"16\":11}\">D&#8217;origine tr\u00e8s ancienne, ce savon est produit dans la m\u00e8re patrie qu&#8217;est la Syrie. Pendant longtemps, cet endroit \u00e9tant une zone de guerre, il n&#8217;\u00e9tait pas possible de l&#8217;acheter directement aux producteurs locaux. Cependant, il est finalement \u00e0 nouveau disponible dans la ligne Microcosmo pour servir ceux qui en ont besoin.<br \/>\nIl poss\u00e8de de nombreuses caract\u00e9ristiques, dont son grand pouvoir apaisant, notamment pour les personnes souffrant de probl\u00e8mes dermatologiques tels que l&#8217;ecz\u00e9ma et le psoriasis. C&#8217;est un antibact\u00e9rien efficace.<\/span><\/p>\n<p>Sa transformation consiste \u00e0 faire cuire de l&#8217;huile d&#8217;olive, \u00e0 la fin de laquelle on ajoute de l&#8217;huile de baies de laurier. Apr\u00e8s refroidissement, le savon est coup\u00e9 \u00e0 la main et s\u00e9ch\u00e9 pendant un minimum de 10 mois.<\/p>\n<p>Le savon d&#8217;Alep Microcosmo est extr\u00eamement pur et n&#8217;est pas conditionn\u00e9 par des \u00e9l\u00e9ments diluants ou des agents chimiques suppl\u00e9mentaires.<\/p>\n<p>Il est dermo-compatible, adapt\u00e9 \u00e0 l&#8217;hygi\u00e8ne de tout le corps et des cheveux, et excellent pour les peaux d\u00e9licates et s\u00e8ches et les enfants.<\/p>\n<p>Taille : 200g<\/p>\n","protected":false},"excerpt":{"rendered":"<p>Savon d&#8217;Alep, 200 grammes.<\/p>\n","protected":false},"featured_media":36941,"template":"","meta":{"_acf_changed":false},"product_brand":[],"product_cat":[1925],"product_tag":[4583,9227,1057,7214,7371,4584],"class_list":{"0":"post-46438","1":"product","2":"type-product","3":"status-publish","4":"has-post-thumbnail","6":"product_cat-determination","7":"product_tag-aleppo-fr","8":"product_tag-delicat-fr-2","9":"product_tag-du-savon","10":"product_tag-peaux","11":"product_tag-sec-fr-2","12":"product_tag-syrie","14":"first","15":"instock","16":"taxable","17":"shipping-taxable","18":"purchasable","19":"product-type-simple"},"acf":[],"jetpack_sharing_enabled":true,"_links":{"self":[{"href":"https:\/\/cndestetik.ch\/fr\/wp-json\/wp\/v2\/product\/46438","targetHints":{"allow":["GET"]}}],"collection":[{"href":"https:\/\/cndestetik.ch\/fr\/wp-json\/wp\/v2\/product"}],"about":[{"href":"https:\/\/cndestetik.ch\/fr\/wp-json\/wp\/v2\/types\/product"}],"wp:featuredmedia":[{"embeddable":true,"href":"https:\/\/cndestetik.ch\/fr\/wp-json\/wp\/v2\/media\/36941"}],"wp:attachment":[{"href":"https:\/\/cndestetik.ch\/fr\/wp-json\/wp\/v2\/media?parent=46438"}],"wp:term":[{"taxonomy":"product_brand","embeddable":true,"href":"https:\/\/cndestetik.ch\/fr\/wp-json\/wp\/v2\/product_brand?post=46438"},{"taxonomy":"product_cat","embeddable":true,"href":"https:\/\/cndestetik.ch\/fr\/wp-json\/wp\/v2\/product_cat?post=46438"},{"taxonomy":"product_tag","embeddable":true,"href":"https:\/\/cndestetik.ch\/fr\/wp-json\/wp\/v2\/product_tag?post=46438"}],"curies":[{"name":"wp","href":"https:\/\/api.w.org\/{rel}","templated":true}]}}

Le savon d&#8217;Alep à 16%.

<p><span data-sheets-value="{"1":2,"2":"Di origini antichissime, questo sapone viene prodotto nella nazione madre che è la Siria. Per un lungo periodo, essendo questo luogo zona bellica, non è stato possibile acquistarlo direttamente dai produttori locali. E’ tornato finalmente disponibile però nella linea Microcosmo a servizio di chi ne ha necessità.\nHa molteplici caratteristiche, tra le quali il suo grande potere lenitivo, in particolar modo per chi soffre di problemi dermatologi come eczemi e psoriasi. E’ un efficace antibatteirco.\n\nLa sua lavorazione consiste nella cottura dell’olio di oliva alla fine della quale viene aggiunto l’olio di bacche di alloro. Dopo il raffreddamento il sapone viene tagliato manuelmente e messo a seccare per un minimo di 10 mesi.\n\nIl Sapone di ALeppo Microcosmo è purissimo e non condizionato da ulteriori elementi diluenti o agenti chimici.\n\nE’ dermocompatibile, indicato per l’igiene di tutto il corpo e dei capelli, ottimo per le pelli delicate, secche e per i bambini."}" data-sheets-userformat="{"2":15297,"3":{"1":0},"9":0,"10":2,"11":0,"12":0,"14":{"1":2,"2":0},"15":"Calibri","16":11}">D&#8217;origine très ancienne, ce savon est produit dans la mère patrie qu&#8217;est la Syrie. Pendant longtemps, cet endroit étant une zone de guerre, il n&#8217;était pas possible de l&#8217;acheter directement aux producteurs locaux. Cependant, il est finalement à nouveau disponible dans la ligne Microcosmo pour servir ceux qui en ont besoin.<br />
Il possède de nombreuses caractéristiques, dont son grand pouvoir apaisant, notamment pour les personnes souffrant de problèmes dermatologiques tels que l&#8217;eczéma et le psoriasis. C&#8217;est un antibactérien efficace.</span></p>
<p>Sa transformation consiste à faire cuire de l&#8217;huile d&#8217;olive, à la fin de laquelle on ajoute de l&#8217;huile de baies de laurier. Après refroidissement, le savon est coupé à la main et séché pendant un minimum de 10 mois.</p>
<p>Le savon d&#8217;Alep Microcosmo est extrêmement pur et n&#8217;est pas conditionné par des éléments diluants ou des agents chimiques supplémentaires.</p>
<p>Il est dermo-compatible, adapté à l&#8217;hygiène de tout le corps et des cheveux, et excellent pour les peaux délicates et sèches et les enfants.</p>
<p>Taille : 200g</p>
