{"id":38277,"date":"2020-11-03T14:57:39","date_gmt":"2020-11-03T13:57:39","guid":{"rendered":"https:\/\/ticinoweb01.jcloud.ik-server.com\/cndestetik\/prodotto\/collection-sultry-eyed-noyer\/"},"modified":"2022-12-27T10:30:45","modified_gmt":"2022-12-27T09:30:45","slug":"__trashe","status":"publish","type":"product","link":"https:\/\/cndestetik.ch\/fr\/prodotto\/__trashe\/","title":{"rendered":"Collection &#8220;Sultry Eyed&#8221; &#8211; Noyer"},"content":{"rendered":"<p>Dans un emballage \u00e9l\u00e9gant en mat\u00e9riau \u00e9cologique, le mascara volumateur pour des cils magnifiques et le correcteur de sourcils en deux couleurs diff\u00e9rentes ! L&#8217;ensemble id\u00e9al pour un look parfait !<\/p>\n","protected":false},"excerpt":{"rendered":"<p>L&#8217;ensemble id\u00e9al pour un look parfait !<\/p>\n","protected":false},"featured_media":36809,"template":"","meta":{"_acf_changed":false},"product_brand":[],"product_cat":[8512],"product_tag":[727,726,7719,728,6089,747,729],"class_list":{"0":"post-38277","1":"product","2":"type-product","3":"status-publish","4":"has-post-thumbnail","6":"product_cat-dernieres-pieces","7":"product_tag-cils","8":"product_tag-front","9":"product_tag-loeil","10":"product_tag-mascara-fr","11":"product_tag-sulfureux","12":"product_tag-volume-fr","13":"product_tag-yeux","15":"first","16":"instock","17":"sale","18":"taxable","19":"shipping-taxable","20":"purchasable","21":"product-type-simple"},"acf":[],"jetpack_sharing_enabled":true,"_links":{"self":[{"href":"https:\/\/cndestetik.ch\/fr\/wp-json\/wp\/v2\/product\/38277","targetHints":{"allow":["GET"]}}],"collection":[{"href":"https:\/\/cndestetik.ch\/fr\/wp-json\/wp\/v2\/product"}],"about":[{"href":"https:\/\/cndestetik.ch\/fr\/wp-json\/wp\/v2\/types\/product"}],"wp:featuredmedia":[{"embeddable":true,"href":"https:\/\/cndestetik.ch\/fr\/wp-json\/wp\/v2\/media\/36809"}],"wp:attachment":[{"href":"https:\/\/cndestetik.ch\/fr\/wp-json\/wp\/v2\/media?parent=38277"}],"wp:term":[{"taxonomy":"product_brand","embeddable":true,"href":"https:\/\/cndestetik.ch\/fr\/wp-json\/wp\/v2\/product_brand?post=38277"},{"taxonomy":"product_cat","embeddable":true,"href":"https:\/\/cndestetik.ch\/fr\/wp-json\/wp\/v2\/product_cat?post=38277"},{"taxonomy":"product_tag","embeddable":true,"href":"https:\/\/cndestetik.ch\/fr\/wp-json\/wp\/v2\/product_tag?post=38277"}],"curies":[{"name":"wp","href":"https:\/\/api.w.org\/{rel}","templated":true}]}}

<p>Dans un emballage élégant en matériau écologique, le mascara volumateur pour des cils magnifiques et le correcteur de sourcils en deux couleurs différentes ! L&#8217;ensemble idéal pour un look parfait !</p>

<p>L&#8217;ensemble idéal pour un look parfait !</p>
