{"id":37982,"date":"2020-10-15T11:42:33","date_gmt":"2020-10-15T09:42:33","guid":{"rendered":"https:\/\/ticinoweb01.jcloud.ik-server.com\/cndestetik\/prodotto\/nettoyant-intime\/"},"modified":"2022-11-15T17:02:02","modified_gmt":"2022-11-15T16:02:02","slug":"nettoyant-intime","status":"publish","type":"product","link":"https:\/\/cndestetik.ch\/fr\/prodotto\/nettoyant-intime\/","title":{"rendered":"Nettoyant intime"},"content":{"rendered":"<p><span data-sheets-value=\"{\"1\":2,\"2\":\"Dermoprotettivo, batteriostatico e lenitivo. Un ottimo alleato per l'igiene.\\n\\nPer un'igiene delicata e sicura, rispetta e aiuta a mantenere inalterato il PH fisiologico e rafforza prevenendo le difese della pelle e delle mucose.\\n\\nUn consiglio?\\nIn caso di irritazioni lasciare agire un paio di minuti e poi sciacquare.\\n\\nL'uso continuato dona leggerezza e benessere, sopratutto a chi soffre di patologie o continue battaglie batteriologiche!\"}\" data-sheets-userformat=\"{\"2\":15297,\"3\":{\"1\":0},\"9\":0,\"10\":2,\"11\":0,\"12\":0,\"14\":{\"1\":2,\"2\":0},\"15\":\"Calibri\",\"16\":11}\">Dermoprotecteur, bact\u00e9riostatique et apaisant. Un excellent alli\u00e9 pour l&#8217;hygi\u00e8ne.<\/p>\n<p>Pour une hygi\u00e8ne douce et s\u00fbre, il respecte et aide \u00e0 maintenir le PH physiologique et renforce les d\u00e9fenses de la peau et des muqueuses.<\/p>\n<p>Des conseils ?<br \/>\nEn cas d&#8217;irritation, laissez agir pendant quelques minutes, puis rincez.<\/p>\n<p>Une utilisation continue apporte l\u00e9g\u00e8ret\u00e9 et bien-\u00eatre, surtout pour ceux qui souffrent de maladies ou de luttes bact\u00e9riennes constantes !<\/span><\/p>\n<p>Taille : 300ml<\/p>\n","protected":false},"excerpt":{"rendered":"<p>Nettoyant intime doux. Il renforce les d\u00e9fenses de la peau et aide \u00e9galement en cas d&#8217;irritation.<\/p>\n","protected":false},"featured_media":37470,"template":"","meta":{"_acf_changed":false},"product_brand":[],"product_cat":[1925,9906],"product_tag":[577,4651,4655,551,4657,4656],"class_list":{"0":"post-37982","1":"product","2":"type-product","3":"status-publish","4":"has-post-thumbnail","6":"product_cat-determination","7":"product_cat-oiseau-rose","8":"product_tag-apaisant","9":"product_tag-detergent-fr","10":"product_tag-hygiene-fr","11":"product_tag-mauve","12":"product_tag-ph-fr","13":"product_tag-sous-vetements","15":"first","16":"instock","17":"taxable","18":"shipping-taxable","19":"purchasable","20":"product-type-simple"},"acf":[],"jetpack_sharing_enabled":true,"_links":{"self":[{"href":"https:\/\/cndestetik.ch\/fr\/wp-json\/wp\/v2\/product\/37982","targetHints":{"allow":["GET"]}}],"collection":[{"href":"https:\/\/cndestetik.ch\/fr\/wp-json\/wp\/v2\/product"}],"about":[{"href":"https:\/\/cndestetik.ch\/fr\/wp-json\/wp\/v2\/types\/product"}],"wp:featuredmedia":[{"embeddable":true,"href":"https:\/\/cndestetik.ch\/fr\/wp-json\/wp\/v2\/media\/37470"}],"wp:attachment":[{"href":"https:\/\/cndestetik.ch\/fr\/wp-json\/wp\/v2\/media?parent=37982"}],"wp:term":[{"taxonomy":"product_brand","embeddable":true,"href":"https:\/\/cndestetik.ch\/fr\/wp-json\/wp\/v2\/product_brand?post=37982"},{"taxonomy":"product_cat","embeddable":true,"href":"https:\/\/cndestetik.ch\/fr\/wp-json\/wp\/v2\/product_cat?post=37982"},{"taxonomy":"product_tag","embeddable":true,"href":"https:\/\/cndestetik.ch\/fr\/wp-json\/wp\/v2\/product_tag?post=37982"}],"curies":[{"name":"wp","href":"https:\/\/api.w.org\/{rel}","templated":true}]}}

<p><span data-sheets-value="{"1":2,"2":"Dermoprotettivo, batteriostatico e lenitivo. Un ottimo alleato per l'igiene.\n\nPer un'igiene delicata e sicura, rispetta e aiuta a mantenere inalterato il PH fisiologico e rafforza prevenendo le difese della pelle e delle mucose.\n\nUn consiglio?\nIn caso di irritazioni lasciare agire un paio di minuti e poi sciacquare.\n\nL'uso continuato dona leggerezza e benessere, sopratutto a chi soffre di patologie o continue battaglie batteriologiche!"}" data-sheets-userformat="{"2":15297,"3":{"1":0},"9":0,"10":2,"11":0,"12":0,"14":{"1":2,"2":0},"15":"Calibri","16":11}">Dermoprotecteur, bactériostatique et apaisant. Un excellent allié pour l&#8217;hygiène.</p>
<p>Pour une hygiène douce et sûre, il respecte et aide à maintenir le PH physiologique et renforce les défenses de la peau et des muqueuses.</p>
<p>Des conseils ?<br />
En cas d&#8217;irritation, laissez agir pendant quelques minutes, puis rincez.</p>
<p>Une utilisation continue apporte légèreté et bien-être, surtout pour ceux qui souffrent de maladies ou de luttes bactériennes constantes !</span></p>
<p>Taille : 300ml</p>

<p>Nettoyant intime doux. Il renforce les défenses de la peau et aide également en cas d&#8217;irritation.</p>
