{"id":63661,"date":"2023-12-06T13:42:17","date_gmt":"2023-12-06T12:42:17","guid":{"rendered":"https:\/\/cndestetik.ch\/prodotto\/doris-sessel\/"},"modified":"2023-12-06T13:42:17","modified_gmt":"2023-12-06T12:42:17","slug":"armchair-doris","status":"publish","type":"product","link":"https:\/\/cndestetik.ch\/de\/prodotto\/armchair-doris\/","title":{"rendered":"Doris Sessel"},"content":{"rendered":"<p>Fu\u00dfpflegestuhl mit professioneller Wanne f\u00fcr Sch\u00f6nheitssalons, ausgestattet mit einer in L\u00e4nge und Breite verstellbaren Fu\u00dfst\u00fctze, verstellbarer Sitzh\u00f6he und Platz f\u00fcr die Positionierung der Fu\u00dfpflegewanne.<\/p>\n","protected":false},"excerpt":{"rendered":"<p>Fu\u00dfpflegestuhl mit professioneller Wanne f\u00fcr Sch\u00f6nheitssalons, ausgestattet mit einer in L\u00e4nge und Breite verstellbaren Fu\u00dfst\u00fctze, verstellbarer Sitzh\u00f6he und Platz f\u00fcr die Positionierung der Fu\u00dfpflegewanne.<\/p>\n","protected":false},"featured_media":63654,"template":"","meta":{"_acf_changed":false},"product_brand":[],"product_cat":[11776],"product_tag":[12046,12045],"class_list":{"0":"post-63661","1":"product","2":"type-product","3":"status-publish","4":"has-post-thumbnail","6":"product_cat-einrichtung","7":"product_tag-doris-de","8":"product_tag-lehnstuhl","10":"first","11":"instock","12":"sale","13":"taxable","14":"shipping-taxable","15":"purchasable","16":"product-type-simple"},"acf":[],"jetpack_sharing_enabled":true,"_links":{"self":[{"href":"https:\/\/cndestetik.ch\/de\/wp-json\/wp\/v2\/product\/63661","targetHints":{"allow":["GET"]}}],"collection":[{"href":"https:\/\/cndestetik.ch\/de\/wp-json\/wp\/v2\/product"}],"about":[{"href":"https:\/\/cndestetik.ch\/de\/wp-json\/wp\/v2\/types\/product"}],"wp:featuredmedia":[{"embeddable":true,"href":"https:\/\/cndestetik.ch\/de\/wp-json\/wp\/v2\/media\/63654"}],"wp:attachment":[{"href":"https:\/\/cndestetik.ch\/de\/wp-json\/wp\/v2\/media?parent=63661"}],"wp:term":[{"taxonomy":"product_brand","embeddable":true,"href":"https:\/\/cndestetik.ch\/de\/wp-json\/wp\/v2\/product_brand?post=63661"},{"taxonomy":"product_cat","embeddable":true,"href":"https:\/\/cndestetik.ch\/de\/wp-json\/wp\/v2\/product_cat?post=63661"},{"taxonomy":"product_tag","embeddable":true,"href":"https:\/\/cndestetik.ch\/de\/wp-json\/wp\/v2\/product_tag?post=63661"}],"curies":[{"name":"wp","href":"https:\/\/api.w.org\/{rel}","templated":true}]}}

<p>Fußpflegestuhl mit professioneller Wanne für Schönheitssalons, ausgestattet mit einer in Länge und Breite verstellbaren Fußstütze, verstellbarer Sitzhöhe und Platz für die Positionierung der Fußpflegewanne.</p>
