{"id":63427,"date":"2023-12-06T10:42:54","date_gmt":"2023-12-06T09:42:54","guid":{"rendered":"https:\/\/cndestetik.ch\/prodotto\/wellenregal\/"},"modified":"2023-12-06T10:42:54","modified_gmt":"2023-12-06T09:42:54","slug":"regal-welle","status":"publish","type":"product","link":"https:\/\/cndestetik.ch\/de\/prodotto\/regal-welle\/","title":{"rendered":"Wellenregal"},"content":{"rendered":"<p>Lassen Sie Ihre W\u00e4nde nicht ungenutzt. Mit diesen Regalen k\u00f6nnen Sie Ihre Produkte hervorheben. Wir haben mehrere Modelle, die mit unseren Betten koordiniert werden k\u00f6nnen.<\/p>\n<p>Abmessungen:<\/p>\n<p>155x40x20 cm (Zwischenboden 70&#215;24,5 cm)<\/p>\n","protected":false},"excerpt":{"rendered":"<p>Lassen Sie Ihre W\u00e4nde nicht ungenutzt. Mit diesen Regalen k\u00f6nnen Sie Ihre Produkte hervorheben. Wir haben mehrere Modelle, die mit unseren Betten koordiniert werden k\u00f6nnen.<\/p>\n","protected":false},"featured_media":63424,"template":"","meta":{"_acf_changed":false},"product_brand":[],"product_cat":[11776],"product_tag":[11954,11783],"class_list":{"0":"post-63427","1":"product","2":"type-product","3":"status-publish","4":"has-post-thumbnail","6":"product_cat-einrichtung","7":"product_tag-regal-de","8":"product_tag-welle","10":"first","11":"instock","12":"taxable","13":"shipping-taxable","14":"purchasable","15":"product-type-simple"},"acf":[],"jetpack_sharing_enabled":true,"_links":{"self":[{"href":"https:\/\/cndestetik.ch\/de\/wp-json\/wp\/v2\/product\/63427","targetHints":{"allow":["GET"]}}],"collection":[{"href":"https:\/\/cndestetik.ch\/de\/wp-json\/wp\/v2\/product"}],"about":[{"href":"https:\/\/cndestetik.ch\/de\/wp-json\/wp\/v2\/types\/product"}],"wp:featuredmedia":[{"embeddable":true,"href":"https:\/\/cndestetik.ch\/de\/wp-json\/wp\/v2\/media\/63424"}],"wp:attachment":[{"href":"https:\/\/cndestetik.ch\/de\/wp-json\/wp\/v2\/media?parent=63427"}],"wp:term":[{"taxonomy":"product_brand","embeddable":true,"href":"https:\/\/cndestetik.ch\/de\/wp-json\/wp\/v2\/product_brand?post=63427"},{"taxonomy":"product_cat","embeddable":true,"href":"https:\/\/cndestetik.ch\/de\/wp-json\/wp\/v2\/product_cat?post=63427"},{"taxonomy":"product_tag","embeddable":true,"href":"https:\/\/cndestetik.ch\/de\/wp-json\/wp\/v2\/product_tag?post=63427"}],"curies":[{"name":"wp","href":"https:\/\/api.w.org\/{rel}","templated":true}]}}

<p>Lassen Sie Ihre Wände nicht ungenutzt. Mit diesen Regalen können Sie Ihre Produkte hervorheben. Wir haben mehrere Modelle, die mit unseren Betten koordiniert werden können.</p>
<p>Abmessungen:</p>
<p>155x40x20 cm (Zwischenboden 70&#215;24,5 cm)</p>

<p>Lassen Sie Ihre Wände nicht ungenutzt. Mit diesen Regalen können Sie Ihre Produkte hervorheben. Wir haben mehrere Modelle, die mit unseren Betten koordiniert werden können.</p>
