{"id":52880,"date":"2020-10-15T11:30:07","date_gmt":"2020-10-15T09:30:07","guid":{"rendered":"https:\/\/cndestetik.ch\/prodotto\/bartoel\/"},"modified":"2023-02-02T10:27:29","modified_gmt":"2023-02-02T09:27:29","slug":"bartol","status":"publish","type":"product","link":"https:\/\/cndestetik.ch\/de\/prodotto\/bartol\/","title":{"rendered":"Bart\u00f6l"},"content":{"rendered":"<p><span data-sheets-value=\"{\"1\":2,\"2\":\"Un olio che chi ama prendersi cura della propria barba; la rende morbida e lucida, dal profumo fresco e maschile.\\nDi facile assorbimento, non lascia untuosit\u00e0.\"}\" data-sheets-userformat=\"{\"2\":15297,\"3\":{\"1\":0},\"9\":0,\"10\":2,\"11\":0,\"12\":0,\"14\":{\"1\":2,\"2\":0},\"15\":\"Calibri\",\"16\":11}\">Ein \u00d6l f\u00fcr alle, die ihren Bart pflegen m\u00f6chten. Es macht ihn weich und gl\u00e4nzend und hat einen frischen, maskulinen Duft.<br \/>\nSie zieht leicht ein und fettet nicht.<\/span><\/p>\n<p>Gr\u00f6\u00dfe: 15ml<\/p>\n","protected":false},"excerpt":{"rendered":"<p>\u00d6l, das den Bart weich und gl\u00e4nzend macht.<\/p>\n","protected":false},"featured_media":37708,"template":"","meta":{"_acf_changed":false},"product_brand":[],"product_cat":[1924,12980],"product_tag":[7324,9182,9062,2192,434,540,9183],"class_list":{"0":"post-52880","1":"product","2":"type-product","3":"status-publish","4":"has-post-thumbnail","6":"product_cat-ermittlung","7":"product_cat-mikrokosmos","8":"product_tag-bart","9":"product_tag-herrenlinie","10":"product_tag-man","11":"product_tag-ol-de","12":"product_tag-spagyrik","13":"product_tag-thymian","14":"product_tag-zeile","16":"first","17":"instock","18":"taxable","19":"shipping-taxable","20":"purchasable","21":"product-type-simple"},"acf":[],"jetpack_sharing_enabled":true,"_links":{"self":[{"href":"https:\/\/cndestetik.ch\/de\/wp-json\/wp\/v2\/product\/52880","targetHints":{"allow":["GET"]}}],"collection":[{"href":"https:\/\/cndestetik.ch\/de\/wp-json\/wp\/v2\/product"}],"about":[{"href":"https:\/\/cndestetik.ch\/de\/wp-json\/wp\/v2\/types\/product"}],"wp:featuredmedia":[{"embeddable":true,"href":"https:\/\/cndestetik.ch\/de\/wp-json\/wp\/v2\/media\/37708"}],"wp:attachment":[{"href":"https:\/\/cndestetik.ch\/de\/wp-json\/wp\/v2\/media?parent=52880"}],"wp:term":[{"taxonomy":"product_brand","embeddable":true,"href":"https:\/\/cndestetik.ch\/de\/wp-json\/wp\/v2\/product_brand?post=52880"},{"taxonomy":"product_cat","embeddable":true,"href":"https:\/\/cndestetik.ch\/de\/wp-json\/wp\/v2\/product_cat?post=52880"},{"taxonomy":"product_tag","embeddable":true,"href":"https:\/\/cndestetik.ch\/de\/wp-json\/wp\/v2\/product_tag?post=52880"}],"curies":[{"name":"wp","href":"https:\/\/api.w.org\/{rel}","templated":true}]}}

Bartöl

<p><span data-sheets-value="{"1":2,"2":"Un olio che chi ama prendersi cura della propria barba; la rende morbida e lucida, dal profumo fresco e maschile.\nDi facile assorbimento, non lascia untuosità."}" data-sheets-userformat="{"2":15297,"3":{"1":0},"9":0,"10":2,"11":0,"12":0,"14":{"1":2,"2":0},"15":"Calibri","16":11}">Ein Öl für alle, die ihren Bart pflegen möchten. Es macht ihn weich und glänzend und hat einen frischen, maskulinen Duft.<br />
Sie zieht leicht ein und fettet nicht.</span></p>
<p>Größe: 15ml</p>

<p>Öl, das den Bart weich und glänzend macht.</p>
