{"id":52724,"date":"2020-10-15T11:44:25","date_gmt":"2020-10-15T09:44:25","guid":{"rendered":"https:\/\/cndestetik.ch\/prodotto\/hyaluronsaeure-serum-mit-intensiver-hydratation\/"},"modified":"2025-02-07T08:28:28","modified_gmt":"2025-02-07T07:28:28","slug":"serum-saure-hyaluron-hydratation-intensitat","status":"publish","type":"product","link":"https:\/\/cndestetik.ch\/de\/prodotto\/serum-saure-hyaluron-hydratation-intensitat\/","title":{"rendered":"Hyalurons\u00e4ure-Serum mit intensiver Hydratation"},"content":{"rendered":"<p><span data-sheets-value=\"{\"1\":2,\"2\":\"I sieri all'acido ialuronico sono da applicare prima della crema o dell'oleolito viso, ottimi durante un trattamento e da consigliare per l'utilizzo quotidiano a casa. Caratterizzati da un ottimo assorbimento, se applicati a fine trattamento generano un leggero effetto tensore sulla pelle.\\nContiene Acido Ialuronico ed Estratto Spagirico di Calendula. Ottima l'azione idratante e cicatrizzante data dall'abbinamento con l'estratto spagirico di Calendula. Adatto a tutti i tipi di pelle, idrata e lenisce in profondit\u00e0. In abbinamento con la crema idratazione intensa.\"}\" data-sheets-userformat=\"{\"2\":15297,\"3\":{\"1\":0},\"9\":0,\"10\":2,\"11\":0,\"12\":0,\"14\":{\"1\":2,\"2\":0},\"15\":\"Calibri\",\"16\":11}\">Die Hyalurons\u00e4ure-Seren werden vor der Gesichtscreme oder dem Gesichts\u00f6l aufgetragen, eignen sich hervorragend f\u00fcr eine Behandlung und werden f\u00fcr die t\u00e4gliche Anwendung zu Hause empfohlen. Sie zeichnen sich durch eine hervorragende Absorption aus und haben bei der Anwendung am Ende der Behandlung eine leicht straffende Wirkung auf die Haut.<br \/>\n<\/span><\/p>\n<p><span data-sheets-value=\"{\"1\":2,\"2\":\"I sieri all'acido ialuronico sono da applicare prima della crema o dell'oleolito viso, ottimi durante un trattamento e da consigliare per l'utilizzo quotidiano a casa. Caratterizzati da un ottimo assorbimento, se applicati a fine trattamento generano un leggero effetto tensore sulla pelle.\\nContiene Acido Ialuronico ed Estratto Spagirico di Calendula. Ottima l'azione idratante e cicatrizzante data dall'abbinamento con l'estratto spagirico di Calendula. Adatto a tutti i tipi di pelle, idrata e lenisce in profondit\u00e0. In abbinamento con la crema idratazione intensa.\"}\" data-sheets-userformat=\"{\"2\":15297,\"3\":{\"1\":0},\"9\":0,\"10\":2,\"11\":0,\"12\":0,\"14\":{\"1\":2,\"2\":0},\"15\":\"Calibri\",\"16\":11}\">Enth\u00e4lt Hyalurons\u00e4ure und spagyrischen Ringelblumenextrakt. Die feuchtigkeitsspendende und heilende Wirkung der Kombination mit dem spagyrischen Calendula-Extrakt ist hervorragend.  <\/span><\/p>\n<p><span data-sheets-value=\"{\"1\":2,\"2\":\"I sieri all'acido ialuronico sono da applicare prima della crema o dell'oleolito viso, ottimi durante un trattamento e da consigliare per l'utilizzo quotidiano a casa. Caratterizzati da un ottimo assorbimento, se applicati a fine trattamento generano un leggero effetto tensore sulla pelle.\\nContiene Acido Ialuronico ed Estratto Spagirico di Calendula. Ottima l'azione idratante e cicatrizzante data dall'abbinamento con l'estratto spagirico di Calendula. Adatto a tutti i tipi di pelle, idrata e lenisce in profondit\u00e0. In abbinamento con la crema idratazione intensa.\"}\" data-sheets-userformat=\"{\"2\":15297,\"3\":{\"1\":0},\"9\":0,\"10\":2,\"11\":0,\"12\":0,\"14\":{\"1\":2,\"2\":0},\"15\":\"Calibri\",\"16\":11}\">Sie ist f\u00fcr alle Hauttypen geeignet, spendet intensiv Feuchtigkeit und beruhigt die Haut. In Kombination mit der intensiven Feuchtigkeitscreme.<\/span><\/p>\n","protected":false},"excerpt":{"rendered":"<p><span data-sheets-value=\"{\"1\":2,\"2\":\"I sieri all'acido ialuronico sono da applicare prima della crema o dell'oleolito viso, ottimi durante un trattamento e da consigliare per l'utilizzo quotidiano a casa. Caratterizzati da un ottimo assorbimento, se applicati a fine trattamento generano un leggero effetto tensore sulla pelle.\\nContiene Acido Ialuronico ed Estratto Spagirico di Calendula. Ottima l'azione idratante e cicatrizzante data dall'abbinamento con l'estratto spagirico di Calendula. Adatto a tutti i tipi di pelle, idrata e lenisce in profondit\u00e0. In abbinamento con la crema idratazione intensa.\"}\" data-sheets-userformat=\"{\"2\":15297,\"3\":{\"1\":0},\"9\":0,\"10\":2,\"11\":0,\"12\":0,\"14\":{\"1\":2,\"2\":0},\"15\":\"Calibri\",\"16\":11}\">Ein Serum, das tiefenwirksam Feuchtigkeit spendet und die Haut beruhigt. Enth\u00e4lt Hyalurons\u00e4ure und spagyrischen Ringelblumenextrakt.<\/span><\/p>\n","protected":false},"featured_media":37389,"template":"","meta":{"_acf_changed":false},"product_brand":[],"product_cat":[12988,1495,12980],"product_tag":[9080,594,4104,2169,8378,447,9081,8952,7567,4823],"class_list":{"0":"post-52724","1":"product","2":"type-product","3":"status-publish","4":"has-post-thumbnail","6":"product_cat-gesicht","7":"product_cat-kosmetik","8":"product_cat-mikrokosmos","9":"product_tag-auszug","10":"product_tag-feuchtigkeitscreme","11":"product_tag-flussigkeitszufuhr","12":"product_tag-hyaluronsaure-de","13":"product_tag-intensiv","14":"product_tag-ringelblume","15":"product_tag-ringelblumen-de","16":"product_tag-saure","17":"product_tag-serum-de-2","18":"product_tag-spagyrische","20":"first","21":"instock","22":"taxable","23":"shipping-taxable","24":"purchasable","25":"product-type-simple"},"acf":[],"jetpack_sharing_enabled":true,"_links":{"self":[{"href":"https:\/\/cndestetik.ch\/de\/wp-json\/wp\/v2\/product\/52724","targetHints":{"allow":["GET"]}}],"collection":[{"href":"https:\/\/cndestetik.ch\/de\/wp-json\/wp\/v2\/product"}],"about":[{"href":"https:\/\/cndestetik.ch\/de\/wp-json\/wp\/v2\/types\/product"}],"wp:featuredmedia":[{"embeddable":true,"href":"https:\/\/cndestetik.ch\/de\/wp-json\/wp\/v2\/media\/37389"}],"wp:attachment":[{"href":"https:\/\/cndestetik.ch\/de\/wp-json\/wp\/v2\/media?parent=52724"}],"wp:term":[{"taxonomy":"product_brand","embeddable":true,"href":"https:\/\/cndestetik.ch\/de\/wp-json\/wp\/v2\/product_brand?post=52724"},{"taxonomy":"product_cat","embeddable":true,"href":"https:\/\/cndestetik.ch\/de\/wp-json\/wp\/v2\/product_cat?post=52724"},{"taxonomy":"product_tag","embeddable":true,"href":"https:\/\/cndestetik.ch\/de\/wp-json\/wp\/v2\/product_tag?post=52724"}],"curies":[{"name":"wp","href":"https:\/\/api.w.org\/{rel}","templated":true}]}}

Hyaluronsäure-Serum mit intensiver Hydratation

<p><span data-sheets-value="{"1":2,"2":"I sieri all'acido ialuronico sono da applicare prima della crema o dell'oleolito viso, ottimi durante un trattamento e da consigliare per l'utilizzo quotidiano a casa. Caratterizzati da un ottimo assorbimento, se applicati a fine trattamento generano un leggero effetto tensore sulla pelle.\nContiene Acido Ialuronico ed Estratto Spagirico di Calendula. Ottima l'azione idratante e cicatrizzante data dall'abbinamento con l'estratto spagirico di Calendula. Adatto a tutti i tipi di pelle, idrata e lenisce in profondità. In abbinamento con la crema idratazione intensa."}" data-sheets-userformat="{"2":15297,"3":{"1":0},"9":0,"10":2,"11":0,"12":0,"14":{"1":2,"2":0},"15":"Calibri","16":11}">Die Hyaluronsäure-Seren werden vor der Gesichtscreme oder dem Gesichtsöl aufgetragen, eignen sich hervorragend für eine Behandlung und werden für die tägliche Anwendung zu Hause empfohlen. Sie zeichnen sich durch eine hervorragende Absorption aus und haben bei der Anwendung am Ende der Behandlung eine leicht straffende Wirkung auf die Haut.<br />
</span></p>
<p><span data-sheets-value="{"1":2,"2":"I sieri all'acido ialuronico sono da applicare prima della crema o dell'oleolito viso, ottimi durante un trattamento e da consigliare per l'utilizzo quotidiano a casa. Caratterizzati da un ottimo assorbimento, se applicati a fine trattamento generano un leggero effetto tensore sulla pelle.\nContiene Acido Ialuronico ed Estratto Spagirico di Calendula. Ottima l'azione idratante e cicatrizzante data dall'abbinamento con l'estratto spagirico di Calendula. Adatto a tutti i tipi di pelle, idrata e lenisce in profondità. In abbinamento con la crema idratazione intensa."}" data-sheets-userformat="{"2":15297,"3":{"1":0},"9":0,"10":2,"11":0,"12":0,"14":{"1":2,"2":0},"15":"Calibri","16":11}">Enthält Hyaluronsäure und spagyrischen Ringelblumenextrakt. Die feuchtigkeitsspendende und heilende Wirkung der Kombination mit dem spagyrischen Calendula-Extrakt ist hervorragend.  </span></p>
<p><span data-sheets-value="{"1":2,"2":"I sieri all'acido ialuronico sono da applicare prima della crema o dell'oleolito viso, ottimi durante un trattamento e da consigliare per l'utilizzo quotidiano a casa. Caratterizzati da un ottimo assorbimento, se applicati a fine trattamento generano un leggero effetto tensore sulla pelle.\nContiene Acido Ialuronico ed Estratto Spagirico di Calendula. Ottima l'azione idratante e cicatrizzante data dall'abbinamento con l'estratto spagirico di Calendula. Adatto a tutti i tipi di pelle, idrata e lenisce in profondità. In abbinamento con la crema idratazione intensa."}" data-sheets-userformat="{"2":15297,"3":{"1":0},"9":0,"10":2,"11":0,"12":0,"14":{"1":2,"2":0},"15":"Calibri","16":11}">Sie ist für alle Hauttypen geeignet, spendet intensiv Feuchtigkeit und beruhigt die Haut. In Kombination mit der intensiven Feuchtigkeitscreme.</span></p>

<p><span data-sheets-value="{"1":2,"2":"I sieri all'acido ialuronico sono da applicare prima della crema o dell'oleolito viso, ottimi durante un trattamento e da consigliare per l'utilizzo quotidiano a casa. Caratterizzati da un ottimo assorbimento, se applicati a fine trattamento generano un leggero effetto tensore sulla pelle.\nContiene Acido Ialuronico ed Estratto Spagirico di Calendula. Ottima l'azione idratante e cicatrizzante data dall'abbinamento con l'estratto spagirico di Calendula. Adatto a tutti i tipi di pelle, idrata e lenisce in profondità. In abbinamento con la crema idratazione intensa."}" data-sheets-userformat="{"2":15297,"3":{"1":0},"9":0,"10":2,"11":0,"12":0,"14":{"1":2,"2":0},"15":"Calibri","16":11}">Ein Serum, das tiefenwirksam Feuchtigkeit spendet und die Haut beruhigt. Enthält Hyaluronsäure und spagyrischen Ringelblumenextrakt.</span></p>
