{"id":51948,"date":"2022-08-25T10:10:23","date_gmt":"2022-08-25T08:10:23","guid":{"rendered":"https:\/\/cndestetik.ch\/prodotto\/aberdeen-tunika\/"},"modified":"2023-12-08T00:00:24","modified_gmt":"2023-12-07T23:00:24","slug":"casacca-aberdeen","status":"publish","type":"product","link":"https:\/\/cndestetik.ch\/de\/prodotto\/casacca-aberdeen\/","title":{"rendered":"Aberdeen-Tunika"},"content":{"rendered":"<p>Aberdeen-Tunika, erh\u00e4ltlich in verschiedenen Farben und Gr\u00f6\u00dfen<\/p>\n","protected":false},"excerpt":{"rendered":"<p>Aberdeen-Tunika, erh\u00e4ltlich in verschiedenen Farben und Gr\u00f6\u00dfen<\/p>\n","protected":false},"featured_media":51931,"template":"","meta":{"_acf_changed":false},"product_brand":[],"product_cat":[3303],"product_tag":[4903,8699,8700,4906,4910,8273,8271,4976,8663],"class_list":{"0":"post-51948","1":"product","2":"type-product","3":"status-publish","4":"has-post-thumbnail","6":"product_cat-abbigliamento-professionale","7":"product_tag-l-de","8":"product_tag-laurex-de","9":"product_tag-lurex-de","10":"product_tag-m-de","11":"product_tag-s-de","12":"product_tag-schwarz-de","13":"product_tag-weis-de","14":"product_tag-xl-de","15":"product_tag-xxl-de","16":"pa_casacca-aberdeen-schwarz-laurex-xxl","17":"pa_casacca-aberdeen-schwarz-l","18":"pa_casacca-aberdeen-schwarz-s","19":"pa_casacca-aberdeen-schwarz-xl","20":"pa_casacca-aberdeen-weis-l","21":"pa_casacca-aberdeen-weis-m","22":"pa_casacca-aberdeen-weis-s","24":"first","25":"instock","26":"taxable","27":"shipping-taxable","28":"purchasable","29":"product-type-variable"},"acf":[],"jetpack_sharing_enabled":true,"_links":{"self":[{"href":"https:\/\/cndestetik.ch\/de\/wp-json\/wp\/v2\/product\/51948","targetHints":{"allow":["GET"]}}],"collection":[{"href":"https:\/\/cndestetik.ch\/de\/wp-json\/wp\/v2\/product"}],"about":[{"href":"https:\/\/cndestetik.ch\/de\/wp-json\/wp\/v2\/types\/product"}],"wp:featuredmedia":[{"embeddable":true,"href":"https:\/\/cndestetik.ch\/de\/wp-json\/wp\/v2\/media\/51931"}],"wp:attachment":[{"href":"https:\/\/cndestetik.ch\/de\/wp-json\/wp\/v2\/media?parent=51948"}],"wp:term":[{"taxonomy":"product_brand","embeddable":true,"href":"https:\/\/cndestetik.ch\/de\/wp-json\/wp\/v2\/product_brand?post=51948"},{"taxonomy":"product_cat","embeddable":true,"href":"https:\/\/cndestetik.ch\/de\/wp-json\/wp\/v2\/product_cat?post=51948"},{"taxonomy":"product_tag","embeddable":true,"href":"https:\/\/cndestetik.ch\/de\/wp-json\/wp\/v2\/product_tag?post=51948"}],"curies":[{"name":"wp","href":"https:\/\/api.w.org\/{rel}","templated":true}]}}

<p>Aberdeen-Tunika, erhältlich in verschiedenen Farben und Größen</p>
