{"id":48705,"date":"2022-06-15T16:42:51","date_gmt":"2022-06-15T14:42:51","guid":{"rendered":"https:\/\/cndestetik.ch\/prodotto\/maske-aus-gruener-tonerde-purifying\/"},"modified":"2025-02-07T08:25:08","modified_gmt":"2025-02-07T07:25:08","slug":"maske-reinigungs-ton-grun","status":"publish","type":"product","link":"https:\/\/cndestetik.ch\/de\/prodotto\/maske-reinigungs-ton-grun\/","title":{"rendered":"Gr\u00fcne Tonerde Reinigende Gesichtsmaske"},"content":{"rendered":"<p><span data-sheets-value=\"{\"1\":2,\"2\":\"Contiene Argilla Verde e Lavanda. Una maschera\/fango che grazie all'azione sinergica di Argilla, Lavanda e oli specifici ha un effetto purificante e astringente per pelli impure, acneiche e grasse. Detossina, sfiamma e pulisce in profondit\u00e0 il derma.\\n\\nModalita d'uso:\\nDopo un'attenta detersione con latte detergente, gommage e\/o peeling stendere la maschera e lasciare in posa almeno 15 min. prima di sciacquare. Le maschere pi\u00f9 cremose possono essere applicate (quantit\u00e0 adeguata) anche la sera e lasciate in posa tutta la notte per essere sciacquate la mattina.\"}\" data-sheets-userformat=\"{\"2\":15297,\"3\":{\"1\":0},\"9\":0,\"10\":2,\"11\":0,\"12\":0,\"14\":{\"1\":2,\"2\":0},\"15\":\"Calibri\",\"16\":11}\">Enth\u00e4lt gr\u00fcne Tonerde und Lavendel. Eine Maske\/Schlamm, die dank der synergetischen Wirkung von Tonerde, Lavendel und spezifischen \u00d6len eine reinigende und adstringierende Wirkung auf unreine, zu Akne neigende und fettige Haut hat. Sie entgiftet, sp\u00fclt und reinigt die Dermis tiefgreifend.<\/span><\/p>\n<p>Anwendung: Tragen Sie die Maske nach einer sorgf\u00e4ltigen Reinigung mit Reinigungsmilch, Peeling und\/oder Peeling auf und lassen Sie sie mindestens 15 Minuten einwirken, bevor Sie sie absp\u00fclen. Cremige Masken k\u00f6nnen auch abends in angemessener Menge aufgetragen und \u00fcber Nacht einwirken gelassen werden, um dann morgens abgesp\u00fclt zu werden.<\/p>\n<p>Gr\u00f6\u00dfe: 100ml<\/p>\n","protected":false},"excerpt":{"rendered":"<p>Adstringierende Maske f\u00fcr unreine Haut<\/p>\n","protected":false},"featured_media":49034,"template":"","meta":{"_acf_changed":false},"product_brand":[],"product_cat":[12988,1495,12980],"product_tag":[7174,757,4754,7171,4577,4729,4750],"class_list":{"0":"post-48705","1":"product","2":"type-product","3":"status-publish","4":"has-post-thumbnail","6":"product_cat-gesicht","7":"product_cat-kosmetik","8":"product_cat-mikrokosmos","9":"product_tag-adstringierend","10":"product_tag-gesicht","11":"product_tag-grun","12":"product_tag-gruner-ton","13":"product_tag-lehm","14":"product_tag-maske-de-2","15":"product_tag-reinigung","17":"first","18":"instock","19":"taxable","20":"shipping-taxable","21":"purchasable","22":"product-type-simple"},"acf":[],"jetpack_sharing_enabled":true,"_links":{"self":[{"href":"https:\/\/cndestetik.ch\/de\/wp-json\/wp\/v2\/product\/48705","targetHints":{"allow":["GET"]}}],"collection":[{"href":"https:\/\/cndestetik.ch\/de\/wp-json\/wp\/v2\/product"}],"about":[{"href":"https:\/\/cndestetik.ch\/de\/wp-json\/wp\/v2\/types\/product"}],"wp:featuredmedia":[{"embeddable":true,"href":"https:\/\/cndestetik.ch\/de\/wp-json\/wp\/v2\/media\/49034"}],"wp:attachment":[{"href":"https:\/\/cndestetik.ch\/de\/wp-json\/wp\/v2\/media?parent=48705"}],"wp:term":[{"taxonomy":"product_brand","embeddable":true,"href":"https:\/\/cndestetik.ch\/de\/wp-json\/wp\/v2\/product_brand?post=48705"},{"taxonomy":"product_cat","embeddable":true,"href":"https:\/\/cndestetik.ch\/de\/wp-json\/wp\/v2\/product_cat?post=48705"},{"taxonomy":"product_tag","embeddable":true,"href":"https:\/\/cndestetik.ch\/de\/wp-json\/wp\/v2\/product_tag?post=48705"}],"curies":[{"name":"wp","href":"https:\/\/api.w.org\/{rel}","templated":true}]}}

Grüne Tonerde Reinigende Gesichtsmaske

<p><span data-sheets-value="{"1":2,"2":"Contiene Argilla Verde e Lavanda. Una maschera/fango che grazie all'azione sinergica di Argilla, Lavanda e oli specifici ha un effetto purificante e astringente per pelli impure, acneiche e grasse. Detossina, sfiamma e pulisce in profondità il derma.\n\nModalita d'uso:\nDopo un'attenta detersione con latte detergente, gommage e/o peeling stendere la maschera e lasciare in posa almeno 15 min. prima di sciacquare. Le maschere più cremose possono essere applicate (quantità adeguata) anche la sera e lasciate in posa tutta la notte per essere sciacquate la mattina."}" data-sheets-userformat="{"2":15297,"3":{"1":0},"9":0,"10":2,"11":0,"12":0,"14":{"1":2,"2":0},"15":"Calibri","16":11}">Enthält grüne Tonerde und Lavendel. Eine Maske/Schlamm, die dank der synergetischen Wirkung von Tonerde, Lavendel und spezifischen Ölen eine reinigende und adstringierende Wirkung auf unreine, zu Akne neigende und fettige Haut hat. Sie entgiftet, spült und reinigt die Dermis tiefgreifend.</span></p>
<p>Anwendung: Tragen Sie die Maske nach einer sorgfältigen Reinigung mit Reinigungsmilch, Peeling und/oder Peeling auf und lassen Sie sie mindestens 15 Minuten einwirken, bevor Sie sie abspülen. Cremige Masken können auch abends in angemessener Menge aufgetragen und über Nacht einwirken gelassen werden, um dann morgens abgespült zu werden.</p>
<p>Größe: 100ml</p>

<p>Adstringierende Maske für unreine Haut</p>
