{"id":47040,"date":"2020-10-15T11:49:26","date_gmt":"2020-10-15T09:49:26","guid":{"rendered":"https:\/\/cndestetik.ch\/prodotto\/mandelsaeure-illuminating-body-facial-peeling\/"},"modified":"2025-01-24T14:36:45","modified_gmt":"2025-01-24T13:36:45","slug":"peeling-gesicht-korper-aufhellung-allergie-mandelicum","status":"publish","type":"product","link":"https:\/\/cndestetik.ch\/de\/prodotto\/peeling-gesicht-korper-aufhellung-allergie-mandelicum\/","title":{"rendered":"Mandels\u00e4ure Illuminating Body Facial Peeling"},"content":{"rendered":"<p><span data-sheets-value=\"{\"1\":2,\"2\":\"Per aiutare il naturale rinnovamento cellulare, contrastando macchie e rughe e allo stesso tempo avere un\u2019azione seboregolatrice e illuminante, ti consigliamo il Peeling Microcosmo.\\nDa applicare come se fosse una crema o una maschera, \u00e8 sufficente lasciarlo in posa 10\\\\15min per poi asportarlo con un PANNO DI COTONE riutilizzabile.\\nL'effetto sar\u00e0 quello di una pelle leggera e pulita, desquamata e rinfrescata.\"}\" data-sheets-userformat=\"{\"2\":15297,\"3\":{\"1\":0},\"9\":0,\"10\":2,\"11\":0,\"12\":0,\"14\":{\"1\":2,\"2\":0},\"15\":\"Calibri\",\"16\":11}\"><br \/>\n<\/span><\/p>\n<p>U<span data-sheets-value=\"{\"1\":2,\"2\":\"Per aiutare il naturale rinnovamento cellulare, contrastando macchie e rughe e allo stesso tempo avere un\u2019azione seboregolatrice e illuminante, ti consigliamo il Peeling Microcosmo.\\nDa applicare come se fosse una crema o una maschera, \u00e8 sufficente lasciarlo in posa 10\\\\15min per poi asportarlo con un PANNO DI COTONE riutilizzabile.\\nL'effetto sar\u00e0 quello di una pelle leggera e pulita, desquamata e rinfrescata.\"}\" data-sheets-userformat=\"{\"2\":15297,\"3\":{\"1\":0},\"9\":0,\"10\":2,\"11\":0,\"12\":0,\"14\":{\"1\":2,\"2\":0},\"15\":\"Calibri\",\"16\":11}\">m die nat\u00fcrliche Zellerneuerung zu unterst\u00fctzen, Pickel und Falten zu bek\u00e4mpfen und gleichzeitig eine talgregulierende und aufhellende Wirkung zu haben, empfehlen wir das Microcosmo Peeling<\/span><span data-sheets-value=\"{\"1\":2,\"2\":\"Per aiutare il naturale rinnovamento cellulare, contrastando macchie e rughe e allo stesso tempo avere un\u2019azione seboregolatrice e illuminante, ti consigliamo il Peeling Microcosmo.\\nDa applicare come se fosse una crema o una maschera, \u00e8 sufficente lasciarlo in posa 10\\\\15min per poi asportarlo con un PANNO DI COTONE riutilizzabile.\\nL'effetto sar\u00e0 quello di una pelle leggera e pulita, desquamata e rinfrescata.\"}\" data-sheets-userformat=\"{\"2\":15297,\"3\":{\"1\":0},\"9\":0,\"10\":2,\"11\":0,\"12\":0,\"14\":{\"1\":2,\"2\":0},\"15\":\"Calibri\",\"16\":11}\">.<\/span><span data-sheets-value=\"{\"1\":2,\"2\":\"Per aiutare il naturale rinnovamento cellulare, contrastando macchie e rughe e allo stesso tempo avere un\u2019azione seboregolatrice e illuminante, ti consigliamo il Peeling Microcosmo.\\nDa applicare come se fosse una crema o una maschera, \u00e8 sufficente lasciarlo in posa 10\\\\15min per poi asportarlo con un PANNO DI COTONE riutilizzabile.\\nL'effetto sar\u00e0 quello di una pelle leggera e pulita, desquamata e rinfrescata.\"}\" data-sheets-userformat=\"{\"2\":15297,\"3\":{\"1\":0},\"9\":0,\"10\":2,\"11\":0,\"12\":0,\"14\":{\"1\":2,\"2\":0},\"15\":\"Calibri\",\"16\":11}\"><span data-sheets-value=\"{\"1\":2,\"2\":\"Per aiutare il naturale rinnovamento cellulare, contrastando macchie e rughe e allo stesso tempo avere un\u2019azione seboregolatrice e illuminante, ti consigliamo il Peeling Microcosmo.\\nDa applicare come se fosse una crema o una maschera, \u00e8 sufficente lasciarlo in posa 10\\\\15min per poi asportarlo con un PANNO DI COTONE riutilizzabile.\\nL'effetto sar\u00e0 quello di una pelle leggera e pulita, desquamata e rinfrescata.\"}\" data-sheets-userformat=\"{\"2\":15297,\"3\":{\"1\":0},\"9\":0,\"10\":2,\"11\":0,\"12\":0,\"14\":{\"1\":2,\"2\":0},\"15\":\"Calibri\",\"16\":11}\">Es wird wie eine Creme oder Maske aufgetragen, einfach 10\\15 Minuten einwirken lassen und dann mit einem wiederverwendbaren Baumwolltuch abnehmen.<\/span> Der<span data-sheets-value=\"{\"1\":2,\"2\":\"Per aiutare il naturale rinnovamento cellulare, contrastando macchie e rughe e allo stesso tempo avere un\u2019azione seboregolatrice e illuminante, ti consigliamo il Peeling Microcosmo.\\nDa applicare come se fosse una crema o una maschera, \u00e8 sufficente lasciarlo in posa 10\\\\15min per poi asportarlo con un PANNO DI COTONE riutilizzabile.\\nL'effetto sar\u00e0 quello di una pelle leggera e pulita, desquamata e rinfrescata.\"}\" data-sheets-userformat=\"{\"2\":15297,\"3\":{\"1\":0},\"9\":0,\"10\":2,\"11\":0,\"12\":0,\"14\":{\"1\":2,\"2\":0},\"15\":\"Calibri\",\"16\":11}\"><span data-sheets-value=\"{\"1\":2,\"2\":\"Per aiutare il naturale rinnovamento cellulare, contrastando macchie e rughe e allo stesso tempo avere un\u2019azione seboregolatrice e illuminante, ti consigliamo il Peeling Microcosmo.\\nDa applicare come se fosse una crema o una maschera, \u00e8 sufficente lasciarlo in posa 10\\\\15min per poi asportarlo con un PANNO DI COTONE riutilizzabile.\\nL'effetto sar\u00e0 quello di una pelle leggera e pulita, desquamata e rinfrescata.\"}\" data-sheets-userformat=\"{\"2\":15297,\"3\":{\"1\":0},\"9\":0,\"10\":2,\"11\":0,\"12\":0,\"14\":{\"1\":2,\"2\":0},\"15\":\"Calibri\",\"16\":11}\">Effekt wird der einer leichten, sauberen, schuppigen und erfrischten Haut sein.<\/span> Gr\u00f6\u00dfe: 500ml und 100ml<\/span><\/span><\/p>\n","protected":false},"excerpt":{"rendered":"<p>Aufhellendes Peeling, das Flecken und Falten bek\u00e4mpft.<\/p>\n","protected":false},"featured_media":36912,"template":"","meta":{"_acf_changed":false},"product_brand":[],"product_cat":[12985,12988,1495,12980],"product_tag":[4853,4324,741,528,757,2345,9708,517,8952,4813,507],"class_list":{"0":"post-47040","1":"product","2":"type-product","3":"status-publish","4":"has-post-thumbnail","6":"product_cat-body","7":"product_cat-gesicht","8":"product_cat-kosmetik","9":"product_cat-mikrokosmos","10":"product_tag-schalen-de","11":"product_tag-eisenkraut","12":"product_tag-erhellend","13":"product_tag-geranie","14":"product_tag-gesicht","15":"product_tag-korper","16":"product_tag-mandelol-de","17":"product_tag-melissa-de","18":"product_tag-saure","19":"product_tag-talg","20":"product_tag-zitrone","21":"pa_formato-100ml-de","22":"pa_formato-500ml-de","24":"first","25":"instock","26":"taxable","27":"shipping-taxable","28":"purchasable","29":"product-type-variable"},"acf":[],"jetpack_sharing_enabled":true,"_links":{"self":[{"href":"https:\/\/cndestetik.ch\/de\/wp-json\/wp\/v2\/product\/47040","targetHints":{"allow":["GET"]}}],"collection":[{"href":"https:\/\/cndestetik.ch\/de\/wp-json\/wp\/v2\/product"}],"about":[{"href":"https:\/\/cndestetik.ch\/de\/wp-json\/wp\/v2\/types\/product"}],"wp:featuredmedia":[{"embeddable":true,"href":"https:\/\/cndestetik.ch\/de\/wp-json\/wp\/v2\/media\/36912"}],"wp:attachment":[{"href":"https:\/\/cndestetik.ch\/de\/wp-json\/wp\/v2\/media?parent=47040"}],"wp:term":[{"taxonomy":"product_brand","embeddable":true,"href":"https:\/\/cndestetik.ch\/de\/wp-json\/wp\/v2\/product_brand?post=47040"},{"taxonomy":"product_cat","embeddable":true,"href":"https:\/\/cndestetik.ch\/de\/wp-json\/wp\/v2\/product_cat?post=47040"},{"taxonomy":"product_tag","embeddable":true,"href":"https:\/\/cndestetik.ch\/de\/wp-json\/wp\/v2\/product_tag?post=47040"}],"curies":[{"name":"wp","href":"https:\/\/api.w.org\/{rel}","templated":true}]}}

Mandelsäure Illuminating Body Facial Peeling

<p><span data-sheets-value="{"1":2,"2":"Per aiutare il naturale rinnovamento cellulare, contrastando macchie e rughe e allo stesso tempo avere un’azione seboregolatrice e illuminante, ti consigliamo il Peeling Microcosmo.\nDa applicare come se fosse una crema o una maschera, è sufficente lasciarlo in posa 10\\15min per poi asportarlo con un PANNO DI COTONE riutilizzabile.\nL'effetto sarà quello di una pelle leggera e pulita, desquamata e rinfrescata."}" data-sheets-userformat="{"2":15297,"3":{"1":0},"9":0,"10":2,"11":0,"12":0,"14":{"1":2,"2":0},"15":"Calibri","16":11}"><br />
</span></p>
<p>U<span data-sheets-value="{"1":2,"2":"Per aiutare il naturale rinnovamento cellulare, contrastando macchie e rughe e allo stesso tempo avere un’azione seboregolatrice e illuminante, ti consigliamo il Peeling Microcosmo.\nDa applicare come se fosse una crema o una maschera, è sufficente lasciarlo in posa 10\\15min per poi asportarlo con un PANNO DI COTONE riutilizzabile.\nL'effetto sarà quello di una pelle leggera e pulita, desquamata e rinfrescata."}" data-sheets-userformat="{"2":15297,"3":{"1":0},"9":0,"10":2,"11":0,"12":0,"14":{"1":2,"2":0},"15":"Calibri","16":11}">m die natürliche Zellerneuerung zu unterstützen, Pickel und Falten zu bekämpfen und gleichzeitig eine talgregulierende und aufhellende Wirkung zu haben, empfehlen wir das Microcosmo Peeling</span><span data-sheets-value="{"1":2,"2":"Per aiutare il naturale rinnovamento cellulare, contrastando macchie e rughe e allo stesso tempo avere un’azione seboregolatrice e illuminante, ti consigliamo il Peeling Microcosmo.\nDa applicare come se fosse una crema o una maschera, è sufficente lasciarlo in posa 10\\15min per poi asportarlo con un PANNO DI COTONE riutilizzabile.\nL'effetto sarà quello di una pelle leggera e pulita, desquamata e rinfrescata."}" data-sheets-userformat="{"2":15297,"3":{"1":0},"9":0,"10":2,"11":0,"12":0,"14":{"1":2,"2":0},"15":"Calibri","16":11}">.</span><span data-sheets-value="{"1":2,"2":"Per aiutare il naturale rinnovamento cellulare, contrastando macchie e rughe e allo stesso tempo avere un’azione seboregolatrice e illuminante, ti consigliamo il Peeling Microcosmo.\nDa applicare come se fosse una crema o una maschera, è sufficente lasciarlo in posa 10\\15min per poi asportarlo con un PANNO DI COTONE riutilizzabile.\nL'effetto sarà quello di una pelle leggera e pulita, desquamata e rinfrescata."}" data-sheets-userformat="{"2":15297,"3":{"1":0},"9":0,"10":2,"11":0,"12":0,"14":{"1":2,"2":0},"15":"Calibri","16":11}"><span data-sheets-value="{"1":2,"2":"Per aiutare il naturale rinnovamento cellulare, contrastando macchie e rughe e allo stesso tempo avere un’azione seboregolatrice e illuminante, ti consigliamo il Peeling Microcosmo.\nDa applicare come se fosse una crema o una maschera, è sufficente lasciarlo in posa 10\\15min per poi asportarlo con un PANNO DI COTONE riutilizzabile.\nL'effetto sarà quello di una pelle leggera e pulita, desquamata e rinfrescata."}" data-sheets-userformat="{"2":15297,"3":{"1":0},"9":0,"10":2,"11":0,"12":0,"14":{"1":2,"2":0},"15":"Calibri","16":11}">Es wird wie eine Creme oder Maske aufgetragen, einfach 10\15 Minuten einwirken lassen und dann mit einem wiederverwendbaren Baumwolltuch abnehmen.</span> Der<span data-sheets-value="{"1":2,"2":"Per aiutare il naturale rinnovamento cellulare, contrastando macchie e rughe e allo stesso tempo avere un’azione seboregolatrice e illuminante, ti consigliamo il Peeling Microcosmo.\nDa applicare come se fosse una crema o una maschera, è sufficente lasciarlo in posa 10\\15min per poi asportarlo con un PANNO DI COTONE riutilizzabile.\nL'effetto sarà quello di una pelle leggera e pulita, desquamata e rinfrescata."}" data-sheets-userformat="{"2":15297,"3":{"1":0},"9":0,"10":2,"11":0,"12":0,"14":{"1":2,"2":0},"15":"Calibri","16":11}"><span data-sheets-value="{"1":2,"2":"Per aiutare il naturale rinnovamento cellulare, contrastando macchie e rughe e allo stesso tempo avere un’azione seboregolatrice e illuminante, ti consigliamo il Peeling Microcosmo.\nDa applicare come se fosse una crema o una maschera, è sufficente lasciarlo in posa 10\\15min per poi asportarlo con un PANNO DI COTONE riutilizzabile.\nL'effetto sarà quello di una pelle leggera e pulita, desquamata e rinfrescata."}" data-sheets-userformat="{"2":15297,"3":{"1":0},"9":0,"10":2,"11":0,"12":0,"14":{"1":2,"2":0},"15":"Calibri","16":11}">Effekt wird der einer leichten, sauberen, schuppigen und erfrischten Haut sein.</span> Größe: 500ml und 100ml</span></span></p>

<p>Aufhellendes Peeling, das Flecken und Falten bekämpft.</p>
