{"id":46433,"date":"2020-10-15T11:48:51","date_gmt":"2020-10-15T09:48:51","guid":{"rendered":"https:\/\/ticinoweb01.jcloud.ik-server.com\/cndestetik\/prodotto\/aleppo-seife-zu-16\/"},"modified":"2022-11-15T16:40:31","modified_gmt":"2022-11-15T15:40:31","slug":"seife-der-aleppo-a-16","status":"publish","type":"product","link":"https:\/\/cndestetik.ch\/de\/prodotto\/seife-der-aleppo-a-16\/","title":{"rendered":"Aleppo-Seife zu 16 %."},"content":{"rendered":"<p><span data-sheets-value=\"{\"1\":2,\"2\":\"Di origini antichissime, questo sapone viene prodotto nella nazione madre che \u00e8 la Siria. Per un lungo periodo, essendo questo luogo zona bellica, non \u00e8 stato possibile acquistarlo direttamente dai produttori locali. E\u2019 tornato finalmente disponibile per\u00f2 nella linea Microcosmo a servizio di chi ne ha necessit\u00e0.\\nHa molteplici caratteristiche, tra le quali il suo grande potere lenitivo, in particolar modo per chi soffre di problemi dermatologi come eczemi e psoriasi. E\u2019 un efficace antibatteirco.\\n\\nLa sua lavorazione consiste nella cottura dell\u2019olio di oliva alla fine della quale viene aggiunto l\u2019olio di bacche di alloro. Dopo il raffreddamento il sapone viene tagliato manuelmente e messo a seccare per un minimo di 10 mesi.\\n\\nIl Sapone di ALeppo Microcosmo \u00e8 purissimo e non condizionato da ulteriori elementi diluenti o agenti chimici.\\n\\nE\u2019 dermocompatibile, indicato per l\u2019igiene di tutto il corpo e dei capelli, ottimo per le pelli delicate, secche e per i bambini.\"}\" data-sheets-userformat=\"{\"2\":15297,\"3\":{\"1\":0},\"9\":0,\"10\":2,\"11\":0,\"12\":0,\"14\":{\"1\":2,\"2\":0},\"15\":\"Calibri\",\"16\":11}\">Diese Seife ist sehr alten Ursprungs und wird im Mutterland Syrien hergestellt. Da dieser Ort ein Kriegsgebiet ist, war es lange Zeit nicht m\u00f6glich, sie direkt bei den \u00f6rtlichen Erzeugern zu kaufen. Doch nun ist sie endlich wieder in der Microcosmo-Linie erh\u00e4ltlich, um allen Bed\u00fcrftigen zu dienen.<br \/>\nEs hat viele Eigenschaften, darunter seine gro\u00dfe lindernde Wirkung, vor allem bei dermatologischen Problemen wie Ekzemen und Schuppenflechte. Es ist ein wirksames antibakterielles Mittel.<\/span><\/p>\n<p>Seine Verarbeitung besteht aus dem Kochen von Oliven\u00f6l, dem am Ende Lorbeer\u00f6l hinzugef\u00fcgt wird. Nach dem Abk\u00fchlen wird die Seife von Hand geschnitten und mindestens 10 Monate lang getrocknet.<\/p>\n<p>Microcosmo Aleppo Seife ist rein und wird nicht durch zus\u00e4tzliche Verd\u00fcnnungsmittel oder chemische Stoffe konditioniert.<\/p>\n<p>Es ist dermokompatibel, f\u00fcr die Ganzk\u00f6rper- und Haarhygiene geeignet und hervorragend f\u00fcr empfindliche, trockene Haut und Kinder geeignet.<\/p>\n<p>Gr\u00f6\u00dfe: 200g<\/p>\n","protected":false},"excerpt":{"rendered":"<p>Aleppo-Seife, 200 Gramm.<\/p>\n","protected":false},"featured_media":36942,"template":"","meta":{"_acf_changed":false},"product_brand":[],"product_cat":[1924],"product_tag":[4579,7163,1060,4580,7398,9224],"class_list":{"0":"post-46433","1":"product","2":"type-product","3":"status-publish","4":"has-post-thumbnail","6":"product_cat-ermittlung","7":"product_tag-aleppo-de","8":"product_tag-haute","9":"product_tag-seife","10":"product_tag-syrien","11":"product_tag-trocken-de-2","12":"product_tag-zarte-de-2","14":"first","15":"instock","16":"taxable","17":"shipping-taxable","18":"purchasable","19":"product-type-simple"},"acf":[],"jetpack_sharing_enabled":true,"_links":{"self":[{"href":"https:\/\/cndestetik.ch\/de\/wp-json\/wp\/v2\/product\/46433","targetHints":{"allow":["GET"]}}],"collection":[{"href":"https:\/\/cndestetik.ch\/de\/wp-json\/wp\/v2\/product"}],"about":[{"href":"https:\/\/cndestetik.ch\/de\/wp-json\/wp\/v2\/types\/product"}],"wp:featuredmedia":[{"embeddable":true,"href":"https:\/\/cndestetik.ch\/de\/wp-json\/wp\/v2\/media\/36942"}],"wp:attachment":[{"href":"https:\/\/cndestetik.ch\/de\/wp-json\/wp\/v2\/media?parent=46433"}],"wp:term":[{"taxonomy":"product_brand","embeddable":true,"href":"https:\/\/cndestetik.ch\/de\/wp-json\/wp\/v2\/product_brand?post=46433"},{"taxonomy":"product_cat","embeddable":true,"href":"https:\/\/cndestetik.ch\/de\/wp-json\/wp\/v2\/product_cat?post=46433"},{"taxonomy":"product_tag","embeddable":true,"href":"https:\/\/cndestetik.ch\/de\/wp-json\/wp\/v2\/product_tag?post=46433"}],"curies":[{"name":"wp","href":"https:\/\/api.w.org\/{rel}","templated":true}]}}

<p><span data-sheets-value="{"1":2,"2":"Di origini antichissime, questo sapone viene prodotto nella nazione madre che è la Siria. Per un lungo periodo, essendo questo luogo zona bellica, non è stato possibile acquistarlo direttamente dai produttori locali. E’ tornato finalmente disponibile però nella linea Microcosmo a servizio di chi ne ha necessità.\nHa molteplici caratteristiche, tra le quali il suo grande potere lenitivo, in particolar modo per chi soffre di problemi dermatologi come eczemi e psoriasi. E’ un efficace antibatteirco.\n\nLa sua lavorazione consiste nella cottura dell’olio di oliva alla fine della quale viene aggiunto l’olio di bacche di alloro. Dopo il raffreddamento il sapone viene tagliato manuelmente e messo a seccare per un minimo di 10 mesi.\n\nIl Sapone di ALeppo Microcosmo è purissimo e non condizionato da ulteriori elementi diluenti o agenti chimici.\n\nE’ dermocompatibile, indicato per l’igiene di tutto il corpo e dei capelli, ottimo per le pelli delicate, secche e per i bambini."}" data-sheets-userformat="{"2":15297,"3":{"1":0},"9":0,"10":2,"11":0,"12":0,"14":{"1":2,"2":0},"15":"Calibri","16":11}">Diese Seife ist sehr alten Ursprungs und wird im Mutterland Syrien hergestellt. Da dieser Ort ein Kriegsgebiet ist, war es lange Zeit nicht möglich, sie direkt bei den örtlichen Erzeugern zu kaufen. Doch nun ist sie endlich wieder in der Microcosmo-Linie erhältlich, um allen Bedürftigen zu dienen.<br />
Es hat viele Eigenschaften, darunter seine große lindernde Wirkung, vor allem bei dermatologischen Problemen wie Ekzemen und Schuppenflechte. Es ist ein wirksames antibakterielles Mittel.</span></p>
<p>Seine Verarbeitung besteht aus dem Kochen von Olivenöl, dem am Ende Lorbeeröl hinzugefügt wird. Nach dem Abkühlen wird die Seife von Hand geschnitten und mindestens 10 Monate lang getrocknet.</p>
<p>Microcosmo Aleppo Seife ist rein und wird nicht durch zusätzliche Verdünnungsmittel oder chemische Stoffe konditioniert.</p>
<p>Es ist dermokompatibel, für die Ganzkörper- und Haarhygiene geeignet und hervorragend für empfindliche, trockene Haut und Kinder geeignet.</p>
<p>Größe: 200g</p>
