{"id":46110,"date":"2022-06-20T12:56:26","date_gmt":"2022-06-20T10:56:26","guid":{"rendered":"https:\/\/ticinoweb01.jcloud.ik-server.com\/cndestetik\/prodotto\/kocher-terrakotta-2-stueck-geschnitzt\/"},"modified":"2022-11-15T16:53:38","modified_gmt":"2022-11-15T15:53:38","slug":"herd-terrakotta-2-teilig-geschnitten","status":"publish","type":"product","link":"https:\/\/cndestetik.ch\/de\/prodotto\/herd-terrakotta-2-teilig-geschnitten\/","title":{"rendered":"Kocher Terrakotta 2 St\u00fcck Geschnitzt"},"content":{"rendered":"<p>Rauher Terrakotta-Ofen, n\u00fctzlich f\u00fcr die Aromatherapie. Verteilen Sie Ihre Lieblingsd\u00fcfte in Ihrem Zentrum und schaffen Sie das ideale Ambiente f\u00fcr Ihre Kunden. Es entspannt, energetisiert, inspiriert und gleicht aus.<\/p>\n","protected":false},"excerpt":{"rendered":"<p>Rauher Terrakotta-Ofen, n\u00fctzlich f\u00fcr die Aromatherapie.<\/p>\n","protected":false},"featured_media":46036,"template":"","meta":{"_acf_changed":false},"product_brand":[],"product_cat":[2314],"product_tag":[2333,508,4260,409,4278,4247,4277,4251,4279],"class_list":{"0":"post-46110","1":"product","2":"type-product","3":"status-publish","4":"has-post-thumbnail","6":"product_cat-essenzen","7":"product_tag-aromatherapie-de","8":"product_tag-atherische-ole","9":"product_tag-essenz","10":"product_tag-essenzen","11":"product_tag-geschnitzt","12":"product_tag-herd","13":"product_tag-herd-de","14":"product_tag-raku-de","15":"product_tag-terrakotta","17":"first","18":"instock","19":"taxable","20":"shipping-taxable","21":"purchasable","22":"product-type-simple"},"acf":[],"jetpack_sharing_enabled":true,"_links":{"self":[{"href":"https:\/\/cndestetik.ch\/de\/wp-json\/wp\/v2\/product\/46110","targetHints":{"allow":["GET"]}}],"collection":[{"href":"https:\/\/cndestetik.ch\/de\/wp-json\/wp\/v2\/product"}],"about":[{"href":"https:\/\/cndestetik.ch\/de\/wp-json\/wp\/v2\/types\/product"}],"wp:featuredmedia":[{"embeddable":true,"href":"https:\/\/cndestetik.ch\/de\/wp-json\/wp\/v2\/media\/46036"}],"wp:attachment":[{"href":"https:\/\/cndestetik.ch\/de\/wp-json\/wp\/v2\/media?parent=46110"}],"wp:term":[{"taxonomy":"product_brand","embeddable":true,"href":"https:\/\/cndestetik.ch\/de\/wp-json\/wp\/v2\/product_brand?post=46110"},{"taxonomy":"product_cat","embeddable":true,"href":"https:\/\/cndestetik.ch\/de\/wp-json\/wp\/v2\/product_cat?post=46110"},{"taxonomy":"product_tag","embeddable":true,"href":"https:\/\/cndestetik.ch\/de\/wp-json\/wp\/v2\/product_tag?post=46110"}],"curies":[{"name":"wp","href":"https:\/\/api.w.org\/{rel}","templated":true}]}}

Kocher Terrakotta 2 Stück Geschnitzt

<p>Rauher Terrakotta-Ofen, nützlich für die Aromatherapie. Verteilen Sie Ihre Lieblingsdüfte in Ihrem Zentrum und schaffen Sie das ideale Ambiente für Ihre Kunden. Es entspannt, energetisiert, inspiriert und gleicht aus.</p>

<p>Rauher Terrakotta-Ofen, nützlich für die Aromatherapie.</p>
