{"id":45870,"date":"2022-06-15T13:48:06","date_gmt":"2022-06-15T11:48:06","guid":{"rendered":"https:\/\/ticinoweb01.jcloud.ik-server.com\/cndestetik\/prodotto\/beruhigende-after-sun-butter\/"},"modified":"2022-11-15T16:44:09","modified_gmt":"2022-11-15T15:44:09","slug":"butter-beruhigende-doposols","status":"publish","type":"product","link":"https:\/\/cndestetik.ch\/de\/prodotto\/butter-beruhigende-doposols\/","title":{"rendered":"Beruhigende After-Sun-Butter"},"content":{"rendered":"<p><span data-sheets-value=\"{\"1\":2,\"2\":\"Tonificante e stimolante, ma al tempo stesso assicura un'idratazione profonda e, grazie all'Estratto Spagirico di Calendula \u00e8 un ottimo lenitivo, ideale per la pelle arrossata dei raggi solari. Viene assorbito rapidamente, non unge e lascia la pelle morbida e profumata prolungando l'abbronzatura.\"}\" data-sheets-userformat=\"{\"2\":15299,\"3\":{\"1\":0},\"4\":{\"1\":2,\"2\":16777215},\"9\":0,\"10\":2,\"11\":0,\"12\":0,\"14\":{\"1\":2,\"2\":0},\"15\":\"Calibri\",\"16\":11}\">Belebend und anregend, spendet sie gleichzeitig intensive Feuchtigkeit und ist dank des spagyrischen Ringelblumenextrakts ein hervorragender Hautberuhiger, ideal bei ger\u00f6teter Haut nach Sonnenbrand. Es zieht schnell ein, fettet nicht und hinterl\u00e4sst die Haut weich und duftend, wodurch die Br\u00e4une verl\u00e4ngert wird.<\/span><\/p>\n<p>Gr\u00f6\u00dfe: 200ml<\/p>\n","protected":false},"excerpt":{"rendered":"<p>Belebende, stimulierende und feuchtigkeitsspendende Butter. Verl\u00e4ngert die Br\u00e4une.<\/p>\n","protected":false},"featured_media":45688,"template":"","meta":{"_acf_changed":false},"product_brand":[],"product_cat":[3300],"product_tag":[4148,3632,569,2095,4147,4081,594,4111,4112,4113],"class_list":{"0":"post-45870","1":"product","2":"type-product","3":"status-publish","4":"has-post-thumbnail","6":"product_cat-04-solari-de","7":"product_tag-after-sun","8":"product_tag-belebend","9":"product_tag-beruhigend","10":"product_tag-braunen-de","11":"product_tag-butter-de","12":"product_tag-cnd-de","13":"product_tag-feuchtigkeitscreme","14":"product_tag-solar-de","15":"product_tag-solari-de","16":"product_tag-sonnenschein","18":"first","19":"outofstock","20":"taxable","21":"shipping-taxable","22":"product-type-simple"},"acf":[],"jetpack_sharing_enabled":true,"_links":{"self":[{"href":"https:\/\/cndestetik.ch\/de\/wp-json\/wp\/v2\/product\/45870","targetHints":{"allow":["GET"]}}],"collection":[{"href":"https:\/\/cndestetik.ch\/de\/wp-json\/wp\/v2\/product"}],"about":[{"href":"https:\/\/cndestetik.ch\/de\/wp-json\/wp\/v2\/types\/product"}],"wp:featuredmedia":[{"embeddable":true,"href":"https:\/\/cndestetik.ch\/de\/wp-json\/wp\/v2\/media\/45688"}],"wp:attachment":[{"href":"https:\/\/cndestetik.ch\/de\/wp-json\/wp\/v2\/media?parent=45870"}],"wp:term":[{"taxonomy":"product_brand","embeddable":true,"href":"https:\/\/cndestetik.ch\/de\/wp-json\/wp\/v2\/product_brand?post=45870"},{"taxonomy":"product_cat","embeddable":true,"href":"https:\/\/cndestetik.ch\/de\/wp-json\/wp\/v2\/product_cat?post=45870"},{"taxonomy":"product_tag","embeddable":true,"href":"https:\/\/cndestetik.ch\/de\/wp-json\/wp\/v2\/product_tag?post=45870"}],"curies":[{"name":"wp","href":"https:\/\/api.w.org\/{rel}","templated":true}]}}

<p><span data-sheets-value="{"1":2,"2":"Tonificante e stimolante, ma al tempo stesso assicura un'idratazione profonda e, grazie all'Estratto Spagirico di Calendula è un ottimo lenitivo, ideale per la pelle arrossata dei raggi solari. Viene assorbito rapidamente, non unge e lascia la pelle morbida e profumata prolungando l'abbronzatura."}" data-sheets-userformat="{"2":15299,"3":{"1":0},"4":{"1":2,"2":16777215},"9":0,"10":2,"11":0,"12":0,"14":{"1":2,"2":0},"15":"Calibri","16":11}">Belebend und anregend, spendet sie gleichzeitig intensive Feuchtigkeit und ist dank des spagyrischen Ringelblumenextrakts ein hervorragender Hautberuhiger, ideal bei geröteter Haut nach Sonnenbrand. Es zieht schnell ein, fettet nicht und hinterlässt die Haut weich und duftend, wodurch die Bräune verlängert wird.</span></p>
<p>Größe: 200ml</p>

<p>Belebende, stimulierende und feuchtigkeitsspendende Butter. Verlängert die Bräune.</p>
