{"id":39218,"date":"2022-06-01T15:00:31","date_gmt":"2022-06-01T13:00:31","guid":{"rendered":"https:\/\/ticinoweb01.jcloud.ik-server.com\/cndestetik\/prodotto\/bananenfeile-koernung-150-150\/"},"modified":"2023-09-08T12:02:15","modified_gmt":"2023-09-08T10:02:15","slug":"lima-banana-grana-150-150","status":"publish","type":"product","link":"https:\/\/cndestetik.ch\/de\/prodotto\/lima-banana-grana-150-150\/","title":{"rendered":"Bananenfeile K\u00f6rnung 150\/150"},"content":{"rendered":"<p><span data-sheets-value=\"{\"1\":2,\"2\":\"Lima con due grane 150\/150, anima flessibile in PVC e forma a mezzaluna. Indicata per la riduzione della lunghezza delle unghie o in caso di ricostruzione unghie per rimodellare e rifinire il gel o l'acrilico.\"}\" data-sheets-userformat=\"{\"2\":15297,\"3\":{\"1\":0},\"9\":0,\"10\":2,\"11\":0,\"12\":0,\"14\":{\"1\":2,\"2\":0},\"15\":\"Calibri\",\"16\":11}\">Feile mit zwei K\u00f6rnungen 150\/150, flexiblem PVC-Kern und Halbmondform. Geeignet f\u00fcr die Verk\u00fcrzung von N\u00e4geln oder bei Nagelrekonstruktionen, um Gel- oder Acryln\u00e4gel neu zu formen und zu bearbeiten.<\/span><\/p>\n","protected":false},"excerpt":{"rendered":"<p>Limette 150\/150<\/p>\n","protected":false},"featured_media":54273,"template":"","meta":{"_acf_changed":false},"product_brand":[],"product_cat":[1299],"product_tag":[1537,1533],"class_list":{"0":"post-39218","1":"product","2":"type-product","3":"status-publish","4":"has-post-thumbnail","6":"product_cat-ausrustung","7":"product_tag-150-de","8":"product_tag-datei","9":"pa_pezzi-1-stuck","10":"pa_pezzi-3-stuck","12":"first","13":"instock","14":"taxable","15":"shipping-taxable","16":"purchasable","17":"product-type-simple"},"acf":[],"jetpack_sharing_enabled":true,"_links":{"self":[{"href":"https:\/\/cndestetik.ch\/de\/wp-json\/wp\/v2\/product\/39218","targetHints":{"allow":["GET"]}}],"collection":[{"href":"https:\/\/cndestetik.ch\/de\/wp-json\/wp\/v2\/product"}],"about":[{"href":"https:\/\/cndestetik.ch\/de\/wp-json\/wp\/v2\/types\/product"}],"wp:featuredmedia":[{"embeddable":true,"href":"https:\/\/cndestetik.ch\/de\/wp-json\/wp\/v2\/media\/54273"}],"wp:attachment":[{"href":"https:\/\/cndestetik.ch\/de\/wp-json\/wp\/v2\/media?parent=39218"}],"wp:term":[{"taxonomy":"product_brand","embeddable":true,"href":"https:\/\/cndestetik.ch\/de\/wp-json\/wp\/v2\/product_brand?post=39218"},{"taxonomy":"product_cat","embeddable":true,"href":"https:\/\/cndestetik.ch\/de\/wp-json\/wp\/v2\/product_cat?post=39218"},{"taxonomy":"product_tag","embeddable":true,"href":"https:\/\/cndestetik.ch\/de\/wp-json\/wp\/v2\/product_tag?post=39218"}],"curies":[{"name":"wp","href":"https:\/\/api.w.org\/{rel}","templated":true}]}}

Bananenfeile Körnung 150/150

<p><span data-sheets-value="{"1":2,"2":"Lima con due grane 150/150, anima flessibile in PVC e forma a mezzaluna. Indicata per la riduzione della lunghezza delle unghie o in caso di ricostruzione unghie per rimodellare e rifinire il gel o l'acrilico."}" data-sheets-userformat="{"2":15297,"3":{"1":0},"9":0,"10":2,"11":0,"12":0,"14":{"1":2,"2":0},"15":"Calibri","16":11}">Feile mit zwei Körnungen 150/150, flexiblem PVC-Kern und Halbmondform. Geeignet für die Verkürzung von Nägeln oder bei Nagelrekonstruktionen, um Gel- oder Acrylnägel neu zu formen und zu bearbeiten.</span></p>
