{"id":39208,"date":"2022-06-01T14:56:09","date_gmt":"2022-06-01T12:56:09","guid":{"rendered":"https:\/\/ticinoweb01.jcloud.ik-server.com\/cndestetik\/prodotto\/bananenfeile-koernung-180-180\/"},"modified":"2023-03-15T10:31:36","modified_gmt":"2023-03-15T09:31:36","slug":"lima-banana-grana-180-180","status":"publish","type":"product","link":"https:\/\/cndestetik.ch\/de\/prodotto\/lima-banana-grana-180-180\/","title":{"rendered":"Bananenfeile K\u00f6rnung 180-180"},"content":{"rendered":"<p><span data-sheets-value=\"{\"1\":2,\"2\":\"Lima con due grane 180\/180, anima flessibile in PVC e forma a mezzaluna. Indicata per la riduzione della lunghezza delle unghie o in caso di ricostruzione unghie per rimodellare e rifinire il gel o l'acrilico.\"}\" data-sheets-userformat=\"{\"2\":15297,\"3\":{\"1\":0},\"9\":0,\"10\":2,\"11\":0,\"12\":0,\"14\":{\"1\":2,\"2\":0},\"15\":\"Calibri\",\"16\":11}\">Feile mit zwei K\u00f6rnungen 180\/180, flexiblem PVC-Kern und Halbmondform. Geeignet f\u00fcr die Verk\u00fcrzung von N\u00e4geln oder bei Nagelrekonstruktionen, um Gel- oder Acryln\u00e4gel neu zu formen und zu bearbeiten.<\/span><\/p>\n","protected":false},"excerpt":{"rendered":"<p><span data-sheets-value=\"{\"1\":2,\"2\":\"Lima con due grane 180\/180, anima flessibile in PVC e forma a mezzaluna. Indicata per la riduzione della lunghezza delle unghie o in caso di ricostruzione unghie per rimodellare e rifinire il gel o l'acrilico.\"}\" data-sheets-userformat=\"{\"2\":15297,\"3\":{\"1\":0},\"9\":0,\"10\":2,\"11\":0,\"12\":0,\"14\":{\"1\":2,\"2\":0},\"15\":\"Calibri\",\"16\":11}\">Feilen Sie mit zwei K\u00f6rnungen 180\/180.<\/span><\/p>\n","protected":false},"featured_media":39205,"template":"","meta":{"_acf_changed":false},"product_brand":[],"product_cat":[1299],"product_tag":[1532,11053,1533,7879,11055,432],"class_list":{"0":"post-39208","1":"product","2":"type-product","3":"status-publish","4":"has-post-thumbnail","6":"product_cat-ausrustung","7":"product_tag-180-de","8":"product_tag-banane","9":"product_tag-datei","10":"product_tag-getreide","11":"product_tag-grau-de-2","12":"product_tag-shea","14":"first","15":"outofstock","16":"taxable","17":"shipping-taxable","18":"purchasable","19":"product-type-simple"},"acf":[],"jetpack_sharing_enabled":true,"_links":{"self":[{"href":"https:\/\/cndestetik.ch\/de\/wp-json\/wp\/v2\/product\/39208","targetHints":{"allow":["GET"]}}],"collection":[{"href":"https:\/\/cndestetik.ch\/de\/wp-json\/wp\/v2\/product"}],"about":[{"href":"https:\/\/cndestetik.ch\/de\/wp-json\/wp\/v2\/types\/product"}],"wp:featuredmedia":[{"embeddable":true,"href":"https:\/\/cndestetik.ch\/de\/wp-json\/wp\/v2\/media\/39205"}],"wp:attachment":[{"href":"https:\/\/cndestetik.ch\/de\/wp-json\/wp\/v2\/media?parent=39208"}],"wp:term":[{"taxonomy":"product_brand","embeddable":true,"href":"https:\/\/cndestetik.ch\/de\/wp-json\/wp\/v2\/product_brand?post=39208"},{"taxonomy":"product_cat","embeddable":true,"href":"https:\/\/cndestetik.ch\/de\/wp-json\/wp\/v2\/product_cat?post=39208"},{"taxonomy":"product_tag","embeddable":true,"href":"https:\/\/cndestetik.ch\/de\/wp-json\/wp\/v2\/product_tag?post=39208"}],"curies":[{"name":"wp","href":"https:\/\/api.w.org\/{rel}","templated":true}]}}

Bananenfeile Körnung 180-180

<p><span data-sheets-value="{"1":2,"2":"Lima con due grane 180/180, anima flessibile in PVC e forma a mezzaluna. Indicata per la riduzione della lunghezza delle unghie o in caso di ricostruzione unghie per rimodellare e rifinire il gel o l'acrilico."}" data-sheets-userformat="{"2":15297,"3":{"1":0},"9":0,"10":2,"11":0,"12":0,"14":{"1":2,"2":0},"15":"Calibri","16":11}">Feile mit zwei Körnungen 180/180, flexiblem PVC-Kern und Halbmondform. Geeignet für die Verkürzung von Nägeln oder bei Nagelrekonstruktionen, um Gel- oder Acrylnägel neu zu formen und zu bearbeiten.</span></p>

<p><span data-sheets-value="{"1":2,"2":"Lima con due grane 180/180, anima flessibile in PVC e forma a mezzaluna. Indicata per la riduzione della lunghezza delle unghie o in caso di ricostruzione unghie per rimodellare e rifinire il gel o l'acrilico."}" data-sheets-userformat="{"2":15297,"3":{"1":0},"9":0,"10":2,"11":0,"12":0,"14":{"1":2,"2":0},"15":"Calibri","16":11}">Feilen Sie mit zwei Körnungen 180/180.</span></p>
