{"id":38073,"date":"2020-10-15T11:45:27","date_gmt":"2020-10-15T09:45:27","guid":{"rendered":"https:\/\/ticinoweb01.jcloud.ik-server.com\/cndestetik\/prodotto\/inika-creme-lidschatten-rosa-wolke\/"},"modified":"2022-11-28T13:05:22","modified_gmt":"2022-11-28T12:05:22","slug":"inika-cream-eye-shadow-pink-cloud","status":"publish","type":"product","link":"https:\/\/cndestetik.ch\/de\/prodotto\/inika-cream-eye-shadow-pink-cloud\/","title":{"rendered":"Inika Creme-Lidschatten Rosa Wolke"},"content":{"rendered":"<p>Die Kombination aus nat\u00fcrlicher Aloe Vera, Schwarzteeblatt-Extrakt und reinen Mineralpigmenten verleiht dem fl\u00fcssigen Eyeliner eine intensive Farbe mit ausgepr\u00e4gter Haftkraft.<br \/>\nDie Pr\u00e4zisionsspitze ist alkoholfrei und wurde f\u00fcr empfindliche Augen entwickelt. Sie erm\u00f6glicht ein pr\u00e4zises und einfaches Auftragen und sorgt jedes Mal f\u00fcr ein perfektes Finish.<br \/>\nIntensive, lang anhaltende und wischfeste Farbe.<br \/>\nPr\u00e4zisionsspitze f\u00fcr ein makelloses Finish.<br \/>\nSchnell trocknend, alkoholfrei und f\u00fcr empfindliche Augen geeignet.<br \/>\n70% Bio-Zutaten<br \/>\nAlle INIKA-Produkte sind zu 100 % nat\u00fcrlichen Ursprungs, zertifiziert vegan und frei von Tierqu\u00e4lerei.<br \/>\n1. Sch\u00fctteln Sie die Flasche.<br \/>\n2. Streichen Sie mit der Filzspitze vom inneren Winkel nach au\u00dfen entlang des Wimpernkranzes und bleiben Sie dabei so nah wie m\u00f6glich an den Wimpern.<br \/>\n3. Falls gew\u00fcnscht, f\u00fcgen Sie einen kleinen Strich nach oben an den R\u00e4ndern beider Augen hinzu, um einen katzenhaften Effekt zu erzielen.<br \/>\nTIPP: Entfernen Sie eventuelle Fehler einfach mit Mizellenwasser oder INIKA Make-up-Entferner auf einem Wattebausch.<\/p>\n","protected":false},"excerpt":{"rendered":"<p>Der fl\u00fcssige Eyeliner bietet eine intensive Farbe mit einer ausgekl\u00fcgelten Haftkraft.<\/p>\n","protected":false},"featured_media":37323,"template":"","meta":{"_acf_changed":false},"product_brand":[],"product_cat":[8511],"product_tag":[7601,387,5472,5795,5744,7608,9599],"class_list":{"0":"post-38073","1":"product","2":"type-product","3":"status-publish","4":"has-post-thumbnail","6":"product_cat-letzte-stucke","7":"product_tag-auge","8":"product_tag-bilden","9":"product_tag-creme-de-2","10":"product_tag-lidschatten","11":"product_tag-rosa-de","12":"product_tag-schatten","13":"product_tag-wolke","15":"first","16":"outofstock","17":"sale","18":"taxable","19":"shipping-taxable","20":"purchasable","21":"product-type-simple"},"acf":[],"jetpack_sharing_enabled":true,"_links":{"self":[{"href":"https:\/\/cndestetik.ch\/de\/wp-json\/wp\/v2\/product\/38073","targetHints":{"allow":["GET"]}}],"collection":[{"href":"https:\/\/cndestetik.ch\/de\/wp-json\/wp\/v2\/product"}],"about":[{"href":"https:\/\/cndestetik.ch\/de\/wp-json\/wp\/v2\/types\/product"}],"wp:featuredmedia":[{"embeddable":true,"href":"https:\/\/cndestetik.ch\/de\/wp-json\/wp\/v2\/media\/37323"}],"wp:attachment":[{"href":"https:\/\/cndestetik.ch\/de\/wp-json\/wp\/v2\/media?parent=38073"}],"wp:term":[{"taxonomy":"product_brand","embeddable":true,"href":"https:\/\/cndestetik.ch\/de\/wp-json\/wp\/v2\/product_brand?post=38073"},{"taxonomy":"product_cat","embeddable":true,"href":"https:\/\/cndestetik.ch\/de\/wp-json\/wp\/v2\/product_cat?post=38073"},{"taxonomy":"product_tag","embeddable":true,"href":"https:\/\/cndestetik.ch\/de\/wp-json\/wp\/v2\/product_tag?post=38073"}],"curies":[{"name":"wp","href":"https:\/\/api.w.org\/{rel}","templated":true}]}}

<p>Die Kombination aus natürlicher Aloe Vera, Schwarzteeblatt-Extrakt und reinen Mineralpigmenten verleiht dem flüssigen Eyeliner eine intensive Farbe mit ausgeprägter Haftkraft.<br />
Die Präzisionsspitze ist alkoholfrei und wurde für empfindliche Augen entwickelt. Sie ermöglicht ein präzises und einfaches Auftragen und sorgt jedes Mal für ein perfektes Finish.<br />
Intensive, lang anhaltende und wischfeste Farbe.<br />
Präzisionsspitze für ein makelloses Finish.<br />
Schnell trocknend, alkoholfrei und für empfindliche Augen geeignet.<br />
70% Bio-Zutaten<br />
Alle INIKA-Produkte sind zu 100 % natürlichen Ursprungs, zertifiziert vegan und frei von Tierquälerei.<br />
1. Schütteln Sie die Flasche.<br />
2. Streichen Sie mit der Filzspitze vom inneren Winkel nach außen entlang des Wimpernkranzes und bleiben Sie dabei so nah wie möglich an den Wimpern.<br />
3. Falls gewünscht, fügen Sie einen kleinen Strich nach oben an den Rändern beider Augen hinzu, um einen katzenhaften Effekt zu erzielen.<br />
TIPP: Entfernen Sie eventuelle Fehler einfach mit Mizellenwasser oder INIKA Make-up-Entferner auf einem Wattebausch.</p>

<p>Der flüssige Eyeliner bietet eine intensive Farbe mit einer ausgeklügelten Haftkraft.</p>
