{"id":37985,"date":"2020-10-15T11:43:06","date_gmt":"2020-10-15T09:43:06","guid":{"rendered":"https:\/\/ticinoweb01.jcloud.ik-server.com\/cndestetik\/prodotto\/anti-falten-creme\/"},"modified":"2025-01-24T13:01:38","modified_gmt":"2025-01-24T12:01:38","slug":"antifaltencreme","status":"publish","type":"product","link":"https:\/\/cndestetik.ch\/de\/prodotto\/antifaltencreme\/","title":{"rendered":"Anti-Falten-Creme"},"content":{"rendered":"<p>M<span data-sheets-value=\"{\"1\":2,\"2\":\"Con estratto spagirico di Echinacea, \u00e8 un ottimo antirughe e rafforza le difese immunitarie della pelle.\\n\\nE' una crema dalla texture semplice e leggera; ottima come primer prima del trucco, si addice ad una crema giorno.\\nPu\u00f2 essere usata anche di notte, magari supportata da un OLEOLITO VISO pi\u00f9 adeguato sulla base del tipo di pelle, per un effetto nutriente e rinforzante.\\n\\nComoda, elengante e dalla profumazione semplice ed essenziale!\"}\" data-sheets-userformat=\"{\"2\":15297,\"3\":{\"1\":0},\"9\":0,\"10\":2,\"11\":0,\"12\":0,\"14\":{\"1\":2,\"2\":0},\"15\":\"Calibri\",\"16\":11}\">it dem spagyrischen Echinacea-Extrakt ist sie ein ausgezeichnetes Mittel gegen Falten und st\u00e4rkt die Abwehrkr\u00e4fte der Haut.<\/span> Es ist eine Creme mit einer einfachen, leichten Textur; sie eignet sich hervorragend als Grundierung vor dem Make-up und als Tagescreme. Sie kann auch nachts verwendet werden, vielleicht unterst\u00fctzt durch ein geeigneteres GESICHTS\u00d6L, je nach Hauttyp, f\u00fcr eine n\u00e4hrende und st\u00e4rkende Wirkung. Praktisch, elegant und mit einem einfachen, \u00e4therischen Duft! Gr\u00f6\u00dfe: 30ml<\/p>\n","protected":false},"excerpt":{"rendered":"<p>Helle Creme,  <span data-sheets-value=\"{\"1\":2,\"2\":\"Con estratto spagirico di Echinacea, \u00e8 un ottimo antirughe e rafforza le difese immunitarie della pelle.\\n\\nE' una crema dalla texture semplice e leggera; ottima come primer prima del trucco, si addice ad una crema giorno.\\nPu\u00f2 essere usata anche di notte, magari supportata da un OLEOLITO VISO pi\u00f9 adeguato sulla base del tipo di pelle, per un effetto nutriente e rinforzante.\\n\\nComoda, elengante e dalla profumazione semplice ed essenziale!\"}\" data-sheets-userformat=\"{\"2\":15297,\"3\":{\"1\":0},\"9\":0,\"10\":2,\"11\":0,\"12\":0,\"14\":{\"1\":2,\"2\":0},\"15\":\"Calibri\",\"16\":11}\">Hervorragendes Mittel gegen Falten und zur St\u00e4rkung der Haut. Sie kann auch als Nachtcreme verwendet werden.<\/span><\/p>\n","protected":false},"featured_media":37443,"template":"","meta":{"_acf_changed":false},"product_brand":[],"product_cat":[12988,1495,12980,9904],"product_tag":[579,3836,581,434,8942],"class_list":{"0":"post-37985","1":"product","2":"type-product","3":"status-publish","4":"has-post-thumbnail","6":"product_cat-gesicht","7":"product_cat-kosmetik","8":"product_cat-mikrokosmos","9":"product_cat-pink-bird","10":"product_tag-anti-falten","11":"product_tag-creme-de","12":"product_tag-echinea-de","13":"product_tag-spagyrik","14":"product_tag-verstarkungsmittel-de","16":"first","17":"instock","18":"taxable","19":"shipping-taxable","20":"purchasable","21":"product-type-simple"},"acf":[],"jetpack_sharing_enabled":true,"_links":{"self":[{"href":"https:\/\/cndestetik.ch\/de\/wp-json\/wp\/v2\/product\/37985","targetHints":{"allow":["GET"]}}],"collection":[{"href":"https:\/\/cndestetik.ch\/de\/wp-json\/wp\/v2\/product"}],"about":[{"href":"https:\/\/cndestetik.ch\/de\/wp-json\/wp\/v2\/types\/product"}],"wp:featuredmedia":[{"embeddable":true,"href":"https:\/\/cndestetik.ch\/de\/wp-json\/wp\/v2\/media\/37443"}],"wp:attachment":[{"href":"https:\/\/cndestetik.ch\/de\/wp-json\/wp\/v2\/media?parent=37985"}],"wp:term":[{"taxonomy":"product_brand","embeddable":true,"href":"https:\/\/cndestetik.ch\/de\/wp-json\/wp\/v2\/product_brand?post=37985"},{"taxonomy":"product_cat","embeddable":true,"href":"https:\/\/cndestetik.ch\/de\/wp-json\/wp\/v2\/product_cat?post=37985"},{"taxonomy":"product_tag","embeddable":true,"href":"https:\/\/cndestetik.ch\/de\/wp-json\/wp\/v2\/product_tag?post=37985"}],"curies":[{"name":"wp","href":"https:\/\/api.w.org\/{rel}","templated":true}]}}

<p>M<span data-sheets-value="{"1":2,"2":"Con estratto spagirico di Echinacea, è un ottimo antirughe e rafforza le difese immunitarie della pelle.\n\nE' una crema dalla texture semplice e leggera; ottima come primer prima del trucco, si addice ad una crema giorno.\nPuò essere usata anche di notte, magari supportata da un OLEOLITO VISO più adeguato sulla base del tipo di pelle, per un effetto nutriente e rinforzante.\n\nComoda, elengante e dalla profumazione semplice ed essenziale!"}" data-sheets-userformat="{"2":15297,"3":{"1":0},"9":0,"10":2,"11":0,"12":0,"14":{"1":2,"2":0},"15":"Calibri","16":11}">it dem spagyrischen Echinacea-Extrakt ist sie ein ausgezeichnetes Mittel gegen Falten und stärkt die Abwehrkräfte der Haut.</span> Es ist eine Creme mit einer einfachen, leichten Textur; sie eignet sich hervorragend als Grundierung vor dem Make-up und als Tagescreme. Sie kann auch nachts verwendet werden, vielleicht unterstützt durch ein geeigneteres GESICHTSÖL, je nach Hauttyp, für eine nährende und stärkende Wirkung. Praktisch, elegant und mit einem einfachen, ätherischen Duft! Größe: 30ml</p>

<p>Helle Creme,  <span data-sheets-value="{"1":2,"2":"Con estratto spagirico di Echinacea, è un ottimo antirughe e rafforza le difese immunitarie della pelle.\n\nE' una crema dalla texture semplice e leggera; ottima come primer prima del trucco, si addice ad una crema giorno.\nPuò essere usata anche di notte, magari supportata da un OLEOLITO VISO più adeguato sulla base del tipo di pelle, per un effetto nutriente e rinforzante.\n\nComoda, elengante e dalla profumazione semplice ed essenziale!"}" data-sheets-userformat="{"2":15297,"3":{"1":0},"9":0,"10":2,"11":0,"12":0,"14":{"1":2,"2":0},"15":"Calibri","16":11}">Hervorragendes Mittel gegen Falten und zur Stärkung der Haut. Sie kann auch als Nachtcreme verwendet werden.</span></p>
