{"id":37906,"date":"2020-10-15T11:38:24","date_gmt":"2020-10-15T09:38:24","guid":{"rendered":"https:\/\/ticinoweb01.jcloud.ik-server.com\/cndestetik\/prodotto\/weizenkeimoel\/"},"modified":"2025-01-24T08:19:39","modified_gmt":"2025-01-24T07:19:39","slug":"weizenkeimol","status":"publish","type":"product","link":"https:\/\/cndestetik.ch\/de\/prodotto\/weizenkeimol\/","title":{"rendered":"Weizenkeim\u00f6l"},"content":{"rendered":"<p><span data-sheets-value=\"{\"1\":2,\"2\":\"Estratto per spremitura dai semi germinati di Triticum sativum, \u00e8 di colore giallo-arancio e ha sapore ed odore tipici. Un vero e proprio concentrato di sostanze nutritive. Contiene un'alta percentuale di frazione insaponificabile, ricca di carotenoidi e tocoferolo (vitamina E), responsabile dell'azione antinfiammatoria, antiossidante, elasticizzante dell'olio. Per la sua intensa azione nutritiva, rigenerante e restitutiva viene indicato soprattutto per pelli aride e sciupate; favorisce il rinnovamento cellulare e viene utilizzato per contrastare l'invecchiamento cutaneo ossidativo causato dai radicali liberi. La presenza consistente di vitamina E lo rende un buon conservante per i prodotti in cui entra come ingrediente. Utilizzandolo nei trattamenti in cabina, che hanno lo scopo di essere piacevoli oltre che efficaci, \u00e8 consigliata l'aggiunta di oli essenziali per coprire il suo odore marcato di cereali. Usare su tutti i tipi di pelle, in particolare pelle invecchiata, secca, fessurata, deperita; scottature e cicatrici (smagliature); contorno occhi.\"}\" data-sheets-userformat=\"{\"2\":15297,\"3\":{\"1\":0},\"9\":0,\"10\":2,\"11\":0,\"12\":0,\"14\":{\"1\":2,\"2\":0},\"15\":\"Calibri\",\"16\":11}\">Es wird durch Pressen aus den gekeimten Samen von Triticum sativum gewonnen und hat eine gelb-orange Farbe sowie einen typischen Geschmack und Geruch. Ein wahres Konzentrat von N\u00e4hrstoffen.  <\/span><\/p>\n<p><span data-sheets-value=\"{\"1\":2,\"2\":\"Estratto per spremitura dai semi germinati di Triticum sativum, \u00e8 di colore giallo-arancio e ha sapore ed odore tipici. Un vero e proprio concentrato di sostanze nutritive. Contiene un'alta percentuale di frazione insaponificabile, ricca di carotenoidi e tocoferolo (vitamina E), responsabile dell'azione antinfiammatoria, antiossidante, elasticizzante dell'olio. Per la sua intensa azione nutritiva, rigenerante e restitutiva viene indicato soprattutto per pelli aride e sciupate; favorisce il rinnovamento cellulare e viene utilizzato per contrastare l'invecchiamento cutaneo ossidativo causato dai radicali liberi. La presenza consistente di vitamina E lo rende un buon conservante per i prodotti in cui entra come ingrediente. Utilizzandolo nei trattamenti in cabina, che hanno lo scopo di essere piacevoli oltre che efficaci, \u00e8 consigliata l'aggiunta di oli essenziali per coprire il suo odore marcato di cereali. Usare su tutti i tipi di pelle, in particolare pelle invecchiata, secca, fessurata, deperita; scottature e cicatrici (smagliature); contorno occhi.\"}\" data-sheets-userformat=\"{\"2\":15297,\"3\":{\"1\":0},\"9\":0,\"10\":2,\"11\":0,\"12\":0,\"14\":{\"1\":2,\"2\":0},\"15\":\"Calibri\",\"16\":11}\">Es enth\u00e4lt einen hohen Prozentsatz der unverseifbaren Fraktion, die reich an Carotinoiden und Tocopherol (Vitamin E) ist, das f\u00fcr die entz\u00fcndungshemmende, antioxidative und elastifizierende Wirkung des \u00d6ls verantwortlich ist. Aufgrund seiner intensiv n\u00e4hrenden, regenerierenden und aufbauenden Wirkung ist es besonders f\u00fcr trockene und gesch\u00e4digte Haut zu empfehlen; es f\u00f6rdert die Zellerneuerung und wird zur Bek\u00e4mpfung der durch freie Radikale verursachten oxidativen Hautalterung eingesetzt.  <\/span><\/p>\n<p><span data-sheets-value=\"{\"1\":2,\"2\":\"Estratto per spremitura dai semi germinati di Triticum sativum, \u00e8 di colore giallo-arancio e ha sapore ed odore tipici. Un vero e proprio concentrato di sostanze nutritive. Contiene un'alta percentuale di frazione insaponificabile, ricca di carotenoidi e tocoferolo (vitamina E), responsabile dell'azione antinfiammatoria, antiossidante, elasticizzante dell'olio. Per la sua intensa azione nutritiva, rigenerante e restitutiva viene indicato soprattutto per pelli aride e sciupate; favorisce il rinnovamento cellulare e viene utilizzato per contrastare l'invecchiamento cutaneo ossidativo causato dai radicali liberi. La presenza consistente di vitamina E lo rende un buon conservante per i prodotti in cui entra come ingrediente. Utilizzandolo nei trattamenti in cabina, che hanno lo scopo di essere piacevoli oltre che efficaci, \u00e8 consigliata l'aggiunta di oli essenziali per coprire il suo odore marcato di cereali. Usare su tutti i tipi di pelle, in particolare pelle invecchiata, secca, fessurata, deperita; scottature e cicatrici (smagliature); contorno occhi.\"}\" data-sheets-userformat=\"{\"2\":15297,\"3\":{\"1\":0},\"9\":0,\"10\":2,\"11\":0,\"12\":0,\"14\":{\"1\":2,\"2\":0},\"15\":\"Calibri\",\"16\":11}\">Das st\u00e4ndige Vorhandensein von Vitamin E macht es zu einem guten Konservierungsmittel f\u00fcr Produkte, in denen es als Zutat verwendet wird. Bei der Verwendung in Kabinenbehandlungen, die sowohl angenehm als auch wirksam sein sollen, wird der Zusatz von \u00e4therischen \u00d6len empfohlen, um den ausgepr\u00e4gten Getreidegeruch zu \u00fcberdecken. Anwendung bei allen Hauttypen, insbesondere bei alternder, trockener, rissiger und deformierter Haut, bei Sonnenbrand und Narben (Dehnungsstreifen) sowie in der Augenpartie.<\/span><\/p>\n","protected":false},"excerpt":{"rendered":"<p>Pflanzen\u00f6l aus Weizenkeimen. Erh\u00e4ltlich in zwei Formaten.<\/p>\n","protected":false},"featured_media":37654,"template":"","meta":{"_acf_changed":false},"product_brand":[],"product_cat":[12985,12988,1495,12980,9904],"product_tag":[4732,4771,2192,4778,4774],"class_list":{"0":"post-37906","1":"product","2":"type-product","3":"status-publish","4":"has-post-thumbnail","6":"product_cat-body","7":"product_cat-gesicht","8":"product_cat-kosmetik","9":"product_cat-mikrokosmos","10":"product_cat-pink-bird","11":"product_tag-gemuse","12":"product_tag-keim","13":"product_tag-ol-de","14":"product_tag-weizen","15":"product_tag-weizenkeim","16":"pa_formato-100ml-de","17":"pa_formato-500ml-de","19":"first","20":"instock","21":"taxable","22":"shipping-taxable","23":"purchasable","24":"product-type-variable"},"acf":[],"jetpack_sharing_enabled":true,"_links":{"self":[{"href":"https:\/\/cndestetik.ch\/de\/wp-json\/wp\/v2\/product\/37906","targetHints":{"allow":["GET"]}}],"collection":[{"href":"https:\/\/cndestetik.ch\/de\/wp-json\/wp\/v2\/product"}],"about":[{"href":"https:\/\/cndestetik.ch\/de\/wp-json\/wp\/v2\/types\/product"}],"wp:featuredmedia":[{"embeddable":true,"href":"https:\/\/cndestetik.ch\/de\/wp-json\/wp\/v2\/media\/37654"}],"wp:attachment":[{"href":"https:\/\/cndestetik.ch\/de\/wp-json\/wp\/v2\/media?parent=37906"}],"wp:term":[{"taxonomy":"product_brand","embeddable":true,"href":"https:\/\/cndestetik.ch\/de\/wp-json\/wp\/v2\/product_brand?post=37906"},{"taxonomy":"product_cat","embeddable":true,"href":"https:\/\/cndestetik.ch\/de\/wp-json\/wp\/v2\/product_cat?post=37906"},{"taxonomy":"product_tag","embeddable":true,"href":"https:\/\/cndestetik.ch\/de\/wp-json\/wp\/v2\/product_tag?post=37906"}],"curies":[{"name":"wp","href":"https:\/\/api.w.org\/{rel}","templated":true}]}}

Weizenkeimöl

<p><span data-sheets-value="{"1":2,"2":"Estratto per spremitura dai semi germinati di Triticum sativum, è di colore giallo-arancio e ha sapore ed odore tipici. Un vero e proprio concentrato di sostanze nutritive. Contiene un'alta percentuale di frazione insaponificabile, ricca di carotenoidi e tocoferolo (vitamina E), responsabile dell'azione antinfiammatoria, antiossidante, elasticizzante dell'olio. Per la sua intensa azione nutritiva, rigenerante e restitutiva viene indicato soprattutto per pelli aride e sciupate; favorisce il rinnovamento cellulare e viene utilizzato per contrastare l'invecchiamento cutaneo ossidativo causato dai radicali liberi. La presenza consistente di vitamina E lo rende un buon conservante per i prodotti in cui entra come ingrediente. Utilizzandolo nei trattamenti in cabina, che hanno lo scopo di essere piacevoli oltre che efficaci, è consigliata l'aggiunta di oli essenziali per coprire il suo odore marcato di cereali. Usare su tutti i tipi di pelle, in particolare pelle invecchiata, secca, fessurata, deperita; scottature e cicatrici (smagliature); contorno occhi."}" data-sheets-userformat="{"2":15297,"3":{"1":0},"9":0,"10":2,"11":0,"12":0,"14":{"1":2,"2":0},"15":"Calibri","16":11}">Es wird durch Pressen aus den gekeimten Samen von Triticum sativum gewonnen und hat eine gelb-orange Farbe sowie einen typischen Geschmack und Geruch. Ein wahres Konzentrat von Nährstoffen.  </span></p>
<p><span data-sheets-value="{"1":2,"2":"Estratto per spremitura dai semi germinati di Triticum sativum, è di colore giallo-arancio e ha sapore ed odore tipici. Un vero e proprio concentrato di sostanze nutritive. Contiene un'alta percentuale di frazione insaponificabile, ricca di carotenoidi e tocoferolo (vitamina E), responsabile dell'azione antinfiammatoria, antiossidante, elasticizzante dell'olio. Per la sua intensa azione nutritiva, rigenerante e restitutiva viene indicato soprattutto per pelli aride e sciupate; favorisce il rinnovamento cellulare e viene utilizzato per contrastare l'invecchiamento cutaneo ossidativo causato dai radicali liberi. La presenza consistente di vitamina E lo rende un buon conservante per i prodotti in cui entra come ingrediente. Utilizzandolo nei trattamenti in cabina, che hanno lo scopo di essere piacevoli oltre che efficaci, è consigliata l'aggiunta di oli essenziali per coprire il suo odore marcato di cereali. Usare su tutti i tipi di pelle, in particolare pelle invecchiata, secca, fessurata, deperita; scottature e cicatrici (smagliature); contorno occhi."}" data-sheets-userformat="{"2":15297,"3":{"1":0},"9":0,"10":2,"11":0,"12":0,"14":{"1":2,"2":0},"15":"Calibri","16":11}">Es enthält einen hohen Prozentsatz der unverseifbaren Fraktion, die reich an Carotinoiden und Tocopherol (Vitamin E) ist, das für die entzündungshemmende, antioxidative und elastifizierende Wirkung des Öls verantwortlich ist. Aufgrund seiner intensiv nährenden, regenerierenden und aufbauenden Wirkung ist es besonders für trockene und geschädigte Haut zu empfehlen; es fördert die Zellerneuerung und wird zur Bekämpfung der durch freie Radikale verursachten oxidativen Hautalterung eingesetzt.  </span></p>
<p><span data-sheets-value="{"1":2,"2":"Estratto per spremitura dai semi germinati di Triticum sativum, è di colore giallo-arancio e ha sapore ed odore tipici. Un vero e proprio concentrato di sostanze nutritive. Contiene un'alta percentuale di frazione insaponificabile, ricca di carotenoidi e tocoferolo (vitamina E), responsabile dell'azione antinfiammatoria, antiossidante, elasticizzante dell'olio. Per la sua intensa azione nutritiva, rigenerante e restitutiva viene indicato soprattutto per pelli aride e sciupate; favorisce il rinnovamento cellulare e viene utilizzato per contrastare l'invecchiamento cutaneo ossidativo causato dai radicali liberi. La presenza consistente di vitamina E lo rende un buon conservante per i prodotti in cui entra come ingrediente. Utilizzandolo nei trattamenti in cabina, che hanno lo scopo di essere piacevoli oltre che efficaci, è consigliata l'aggiunta di oli essenziali per coprire il suo odore marcato di cereali. Usare su tutti i tipi di pelle, in particolare pelle invecchiata, secca, fessurata, deperita; scottature e cicatrici (smagliature); contorno occhi."}" data-sheets-userformat="{"2":15297,"3":{"1":0},"9":0,"10":2,"11":0,"12":0,"14":{"1":2,"2":0},"15":"Calibri","16":11}">Das ständige Vorhandensein von Vitamin E macht es zu einem guten Konservierungsmittel für Produkte, in denen es als Zutat verwendet wird. Bei der Verwendung in Kabinenbehandlungen, die sowohl angenehm als auch wirksam sein sollen, wird der Zusatz von ätherischen Ölen empfohlen, um den ausgeprägten Getreidegeruch zu überdecken. Anwendung bei allen Hauttypen, insbesondere bei alternder, trockener, rissiger und deformierter Haut, bei Sonnenbrand und Narben (Dehnungsstreifen) sowie in der Augenpartie.</span></p>

<p>Pflanzenöl aus Weizenkeimen. Erhältlich in zwei Formaten.</p>
